{"id":14,"date":"2021-12-11T11:34:46","date_gmt":"2021-12-11T14:34:46","guid":{"rendered":"https:\/\/unifsa.com.br\/sec\/?page_id=14"},"modified":"2024-09-03T17:21:30","modified_gmt":"2024-09-03T20:21:30","slug":"pagina-principal","status":"publish","type":"page","link":"https:\/\/unifsa.com.br\/sec\/","title":{"rendered":"P\u00e1gina Principal"},"content":{"rendered":"\t\t<div data-elementor-type=\"wp-page\" data-elementor-id=\"14\" class=\"elementor elementor-14\" data-elementor-post-type=\"page\">\n\t\t\t\t<div class=\"elementor-element elementor-element-5f60bc4 elementor-hidden-phone e-con-full e-flex e-con e-parent\" data-id=\"5f60bc4\" data-element_type=\"container\" data-core-v316-plus=\"true\">\n\t\t<div class=\"elementor-element elementor-element-58514c9 e-con-full e-flex e-con e-child\" data-id=\"58514c9\" data-element_type=\"container\">\n\t\t\t\t<div class=\"elementor-element elementor-element-1cfb043 elementor-widget elementor-widget-jet-listing-grid\" data-id=\"1cfb043\" data-element_type=\"widget\" data-settings=\"{&quot;columns&quot;:&quot;1&quot;}\" data-widget_type=\"jet-listing-grid.default\">\n\t\t\t\t<div class=\"elementor-widget-container\">\n\t\t\t<div class=\"jet-listing-grid jet-listing\"><div class=\"jet-listing-grid__slider\" data-slider_options=\"{&quot;autoplaySpeed&quot;:5000,&quot;autoplay&quot;:true,&quot;pauseOnHover&quot;:true,&quot;infinite&quot;:true,&quot;centerMode&quot;:false,&quot;speed&quot;:500,&quot;arrows&quot;:true,&quot;dots&quot;:false,&quot;slidesToScroll&quot;:1,&quot;prevArrow&quot;:&quot;&lt;div class='jet-listing-grid__slider-icon prev-arrow ' role='button' aria-label='Previous'&gt;&lt;svg width='180' height='180' viewBox='0 0 180 180' fill='none' xmlns='http:\\\/\\\/www.w3.org\\\/2000\\\/svg'&gt;&lt;path d='M119 47.3166C119 48.185 118.668 48.9532 118.003 49.6212L78.8385 89L118.003 128.379C118.668 129.047 119 129.815 119 130.683C119 131.552 118.668 132.32 118.003 132.988L113.021 137.998C112.356 138.666 111.592 139 110.729 139C109.865 139 109.101 138.666 108.436 137.998L61.9966 91.3046C61.3322 90.6366 61 89.8684 61 89C61 88.1316 61.3322 87.3634 61.9966 86.6954L108.436 40.002C109.101 39.334 109.865 39 110.729 39C111.592 39 112.356 39.334 113.021 40.002L118.003 45.012C118.668 45.68 119 46.4482 119 47.3166Z' fill='black'\\\/&gt;&lt;\\\/svg&gt;&lt;\\\/div&gt;&quot;,&quot;nextArrow&quot;:&quot;&lt;div class='jet-listing-grid__slider-icon next-arrow ' role='button' aria-label='Next'&gt;&lt;svg width='180' height='180' viewBox='0 0 180 180' fill='none' xmlns='http:\\\/\\\/www.w3.org\\\/2000\\\/svg'&gt;&lt;path d='M119 47.3166C119 48.185 118.668 48.9532 118.003 49.6212L78.8385 89L118.003 128.379C118.668 129.047 119 129.815 119 130.683C119 131.552 118.668 132.32 118.003 132.988L113.021 137.998C112.356 138.666 111.592 139 110.729 139C109.865 139 109.101 138.666 108.436 137.998L61.9966 91.3046C61.3322 90.6366 61 89.8684 61 89C61 88.1316 61.3322 87.3634 61.9966 86.6954L108.436 40.002C109.101 39.334 109.865 39 110.729 39C111.592 39 112.356 39.334 113.021 40.002L118.003 45.012C118.668 45.68 119 46.4482 119 47.3166Z' fill='black'\\\/&gt;&lt;\\\/svg&gt;&lt;\\\/div&gt;&quot;,&quot;rtl&quot;:false,&quot;itemsCount&quot;:1,&quot;fade&quot;:true,&quot;slidesToShow&quot;:{&quot;desktop&quot;:1,&quot;tablet&quot;:1,&quot;mobile&quot;:1}}\" dir=\"ltr\"><div class=\"jet-listing-grid__items grid-col-desk-1 grid-col-tablet-1 grid-col-mobile-1 jet-listing-grid--1497\" data-queried-id=\"14|WP_Post\" data-nav=\"{&quot;enabled&quot;:false,&quot;type&quot;:null,&quot;more_el&quot;:null,&quot;query&quot;:[],&quot;widget_settings&quot;:{&quot;lisitng_id&quot;:1497,&quot;posts_num&quot;:5,&quot;columns&quot;:1,&quot;columns_tablet&quot;:1,&quot;columns_mobile&quot;:1,&quot;is_archive_template&quot;:&quot;&quot;,&quot;post_status&quot;:[&quot;publish&quot;],&quot;use_random_posts_num&quot;:&quot;&quot;,&quot;max_posts_num&quot;:9,&quot;not_found_message&quot;:&quot;No data was found&quot;,&quot;is_masonry&quot;:false,&quot;equal_columns_height&quot;:&quot;&quot;,&quot;use_load_more&quot;:&quot;&quot;,&quot;load_more_id&quot;:&quot;&quot;,&quot;load_more_type&quot;:&quot;click&quot;,&quot;load_more_offset&quot;:{&quot;unit&quot;:&quot;px&quot;,&quot;size&quot;:0,&quot;sizes&quot;:[]},&quot;use_custom_post_types&quot;:&quot;&quot;,&quot;custom_post_types&quot;:[],&quot;hide_widget_if&quot;:&quot;&quot;,&quot;carousel_enabled&quot;:&quot;yes&quot;,&quot;slides_to_scroll&quot;:&quot;1&quot;,&quot;arrows&quot;:&quot;true&quot;,&quot;arrow_icon&quot;:&quot;fa fa-angle-left&quot;,&quot;dots&quot;:&quot;&quot;,&quot;autoplay&quot;:&quot;true&quot;,&quot;pause_on_hover&quot;:&quot;true&quot;,&quot;autoplay_speed&quot;:5000,&quot;infinite&quot;:&quot;true&quot;,&quot;center_mode&quot;:&quot;&quot;,&quot;effect&quot;:&quot;fade&quot;,&quot;speed&quot;:500,&quot;inject_alternative_items&quot;:&quot;&quot;,&quot;injection_items&quot;:[],&quot;scroll_slider_enabled&quot;:&quot;&quot;,&quot;scroll_slider_on&quot;:[&quot;desktop&quot;,&quot;tablet&quot;,&quot;mobile&quot;],&quot;custom_query&quot;:false,&quot;custom_query_id&quot;:&quot;&quot;,&quot;_element_id&quot;:&quot;&quot;}}\" data-page=\"1\" data-pages=\"1\" data-listing-source=\"posts\" data-listing-id=\"1497\" data-query-id=\"\"><div class=\"jet-listing-grid__item jet-listing-dynamic-post-1499\" data-post-id=\"1499\" ><style type=\"text\/css\">.jet-listing-dynamic-post-1499 .elementor-element.elementor-element-7401543:not(.elementor-motion-effects-element-type-background), .jet-listing-dynamic-post-1499 .elementor-element.elementor-element-7401543 > .elementor-motion-effects-container > .elementor-motion-effects-layer{background-image:url(\"https:\/\/unifsa.com.br\/sec\/wp-content\/uploads\/2024\/04\/banner-1024x346-1.jpg\");}<\/style>\t\t<div data-elementor-type=\"jet-listing-items\" data-elementor-id=\"1497\" class=\"elementor elementor-1497\" data-elementor-post-type=\"jet-engine\">\n\t\t\t\t<a class=\"elementor-element elementor-element-7401543 e-con-full e-flex e-con e-parent\" data-id=\"7401543\" data-element_type=\"container\" data-settings=\"{&quot;background_background&quot;:&quot;classic&quot;}\" data-core-v316-plus=\"true\" href=\"https:\/\/www.sympla.com.br\/evento\/21-semana-cientifica-do-unifsa\/2419287?_gl=1*f11ubs*_ga*MTk2MzkxODc1Mi4xNzA5NTgxNTA1*_ga_KXH10SQTZF*MTcxMjc1MzMyNC41MS4xLjE3MTI3NTgyOTYuNC4wLjE5OTgwMzMwMjk.&#038;referrer=unifsa.com.br&#038;referrer=unifsa.com.br\" target=\"_blank\">\n\t\t\t\t<\/a>\n\t\t\t\t<\/div>\n\t\t<\/div><\/div><\/div><\/div>\t\t<\/div>\n\t\t\t\t<\/div>\n\t\t\t\t<\/div>\n\t\t\t\t<\/div>\n\t\t<div class=\"elementor-element elementor-element-e7ef5b7 e-con-full e-flex e-con e-parent\" data-id=\"e7ef5b7\" data-element_type=\"container\" data-settings=\"{&quot;background_background&quot;:&quot;classic&quot;}\" data-core-v316-plus=\"true\">\n\t\t<div class=\"elementor-element elementor-element-b2553dd e-con-full e-flex e-con e-child\" data-id=\"b2553dd\" data-element_type=\"container\">\n\t\t\t\t<div class=\"elementor-element elementor-element-5cd7be1 elementor-widget elementor-widget-heading\" data-id=\"5cd7be1\" data-element_type=\"widget\" data-widget_type=\"heading.default\">\n\t\t\t\t<div class=\"elementor-widget-container\">\n\t\t\t<style>\/*! elementor - v3.20.0 - 26-03-2024 *\/\n.elementor-heading-title{padding:0;margin:0;line-height:1}.elementor-widget-heading .elementor-heading-title[class*=elementor-size-]>a{color:inherit;font-size:inherit;line-height:inherit}.elementor-widget-heading .elementor-heading-title.elementor-size-small{font-size:15px}.elementor-widget-heading .elementor-heading-title.elementor-size-medium{font-size:19px}.elementor-widget-heading .elementor-heading-title.elementor-size-large{font-size:29px}.elementor-widget-heading .elementor-heading-title.elementor-size-xl{font-size:39px}.elementor-widget-heading .elementor-heading-title.elementor-size-xxl{font-size:59px}<\/style><h2 class=\"elementor-heading-title elementor-size-default\"><a href=\"https:\/\/unifsa.com.br\/sec\/sobreasec\/historia\/\">Hist\u00f3ria<\/a><\/h2>\t\t<\/div>\n\t\t\t\t<\/div>\n\t\t\t\t<div class=\"elementor-element elementor-element-7260488 elementor-widget elementor-widget-text-editor\" data-id=\"7260488\" data-element_type=\"widget\" data-widget_type=\"text-editor.default\">\n\t\t\t\t<div class=\"elementor-widget-container\">\n\t\t\t<style>\/*! elementor - v3.20.0 - 26-03-2024 *\/\n.elementor-widget-text-editor.elementor-drop-cap-view-stacked .elementor-drop-cap{background-color:#69727d;color:#fff}.elementor-widget-text-editor.elementor-drop-cap-view-framed .elementor-drop-cap{color:#69727d;border:3px solid;background-color:transparent}.elementor-widget-text-editor:not(.elementor-drop-cap-view-default) .elementor-drop-cap{margin-top:8px}.elementor-widget-text-editor:not(.elementor-drop-cap-view-default) .elementor-drop-cap-letter{width:1em;height:1em}.elementor-widget-text-editor .elementor-drop-cap{float:left;text-align:center;line-height:1;font-size:50px}.elementor-widget-text-editor .elementor-drop-cap-letter{display:inline-block}<\/style>\t\t\t\t<p>Acesse a trajet\u00f3ria da Semana Cient\u00edfica do Centro Universit\u00e1rio Santo Agostinho de 2003 aos dias atuais.<\/p>\t\t\t\t\t\t<\/div>\n\t\t\t\t<\/div>\n\t\t\t\t<\/div>\n\t\t<div class=\"elementor-element elementor-element-3b1cbb5 e-con-full e-flex e-con e-child\" data-id=\"3b1cbb5\" data-element_type=\"container\">\n\t\t\t\t<div class=\"elementor-element elementor-element-b4b531f elementor-widget elementor-widget-heading\" data-id=\"b4b531f\" data-element_type=\"widget\" data-widget_type=\"heading.default\">\n\t\t\t\t<div class=\"elementor-widget-container\">\n\t\t\t<h2 class=\"elementor-heading-title elementor-size-default\"><a href=\"https:\/\/unifsa.com.br\/sec\/anais\/anais-sec-2003-2018\/\">Anais da SEC<\/a><\/h2>\t\t<\/div>\n\t\t\t\t<\/div>\n\t\t\t\t<div class=\"elementor-element elementor-element-63cd43d elementor-widget elementor-widget-text-editor\" data-id=\"63cd43d\" data-element_type=\"widget\" data-widget_type=\"text-editor.default\">\n\t\t\t\t<div class=\"elementor-widget-container\">\n\t\t\t\t\t\t\t<p>Conhe\u00e7a os Anais da Semana Cient\u00edfica e os Trabalhos\u00a0 que foram publicados.<\/p>\t\t\t\t\t\t<\/div>\n\t\t\t\t<\/div>\n\t\t\t\t<\/div>\n\t\t<div class=\"elementor-element elementor-element-d6bd780 e-con-full e-flex e-con e-child\" data-id=\"d6bd780\" data-element_type=\"container\">\n\t\t\t\t<div class=\"elementor-element elementor-element-c138f4e elementor-widget elementor-widget-heading\" data-id=\"c138f4e\" data-element_type=\"widget\" data-widget_type=\"heading.default\">\n\t\t\t\t<div class=\"elementor-widget-container\">\n\t\t\t<h2 class=\"elementor-heading-title elementor-size-default\"><a href=\"https:\/\/unifsa.com.br\/sec\/saladeimprensa\/\">Sala de Imprensa<\/a><\/h2>\t\t<\/div>\n\t\t\t\t<\/div>\n\t\t\t\t<div class=\"elementor-element elementor-element-fa3debd elementor-widget elementor-widget-text-editor\" data-id=\"fa3debd\" data-element_type=\"widget\" data-widget_type=\"text-editor.default\">\n\t\t\t\t<div class=\"elementor-widget-container\">\n\t\t\t\t\t\t\t<p>Acompanhe as principais not\u00edcias que foram publicadas sobre o evento e saiba as novidades.<\/p>\t\t\t\t\t\t<\/div>\n\t\t\t\t<\/div>\n\t\t\t\t<\/div>\n\t\t\t\t<\/div>\n\t\t\t\t<\/div>\n\t\t","protected":false},"excerpt":{"rendered":"<p>Hist\u00f3ria Acesse a trajet\u00f3ria da Semana Cient\u00edfica do Centro Universit\u00e1rio Santo Agostinho de 2003 aos dias atuais. Anais da SEC Conhe\u00e7a os Anais da Semana Cient\u00edfica e os Trabalhos\u00a0 que foram publicados. Sala de Imprensa Acompanhe as principais not\u00edcias que foram publicadas sobre o evento e saiba as novidades.<\/p>\n","protected":false},"author":1,"featured_media":0,"parent":0,"menu_order":0,"comment_status":"closed","ping_status":"closed","template":"elementor_theme","meta":{"_acf_changed":false,"footnotes":""},"class_list":["post-14","page","type-page","status-publish","hentry"],"acf":[],"yoast_head":"<!-- This site is optimized with the Yoast SEO plugin v22.3 - https:\/\/yoast.com\/wordpress\/plugins\/seo\/ -->\n<title>P\u00e1gina Principal - Semana Cient\u00edfica do Centro Universit\u00e1rio Santo Agostinho<\/title>\n<meta name=\"robots\" content=\"index, follow, max-snippet:-1, max-image-preview:large, max-video-preview:-1\" \/>\n<link rel=\"canonical\" href=\"https:\/\/unifsa.com.br\/sec\/\" \/>\n<meta property=\"og:locale\" content=\"pt_BR\" \/>\n<meta property=\"og:type\" content=\"article\" \/>\n<meta property=\"og:title\" content=\"P\u00e1gina Principal - Semana Cient\u00edfica do Centro Universit\u00e1rio Santo Agostinho\" \/>\n<meta property=\"og:description\" content=\"Hist\u00f3ria Acesse a trajet\u00f3ria da Semana Cient\u00edfica do Centro Universit\u00e1rio Santo Agostinho de 2003 aos dias atuais. Anais da SEC Conhe\u00e7a os Anais da Semana Cient\u00edfica e os Trabalhos\u00a0 que foram publicados. Sala de Imprensa Acompanhe as principais not\u00edcias que foram publicadas sobre o evento e saiba as novidades.\" \/>\n<meta property=\"og:url\" content=\"https:\/\/unifsa.com.br\/sec\/\" \/>\n<meta property=\"og:site_name\" content=\"Semana Cient\u00edfica do Centro Universit\u00e1rio Santo Agostinho\" \/>\n<meta property=\"article:modified_time\" content=\"2024-09-03T20:21:30+00:00\" \/>\n<meta name=\"twitter:card\" content=\"summary_large_image\" \/>\n<meta name=\"twitter:label1\" content=\"Est. tempo de leitura\" \/>\n\t<meta name=\"twitter:data1\" content=\"1 minuto\" \/>\n<script type=\"application\/ld+json\" class=\"yoast-schema-graph\">{\"@context\":\"https:\/\/schema.org\",\"@graph\":[{\"@type\":\"WebPage\",\"@id\":\"https:\/\/unifsa.com.br\/sec\/\",\"url\":\"https:\/\/unifsa.com.br\/sec\/\",\"name\":\"P\u00e1gina Principal - Semana Cient\u00edfica do Centro Universit\u00e1rio Santo Agostinho\",\"isPartOf\":{\"@id\":\"https:\/\/unifsa.com.br\/sec\/#website\"},\"datePublished\":\"2021-12-11T14:34:46+00:00\",\"dateModified\":\"2024-09-03T20:21:30+00:00\",\"breadcrumb\":{\"@id\":\"https:\/\/unifsa.com.br\/sec\/#breadcrumb\"},\"inLanguage\":\"pt-BR\",\"potentialAction\":[{\"@type\":\"ReadAction\",\"target\":[\"https:\/\/unifsa.com.br\/sec\/\"]}]},{\"@type\":\"BreadcrumbList\",\"@id\":\"https:\/\/unifsa.com.br\/sec\/#breadcrumb\",\"itemListElement\":[{\"@type\":\"ListItem\",\"position\":1,\"name\":\"In\u00edcio\",\"item\":\"https:\/\/unifsa.com.br\/sec\/\"},{\"@type\":\"ListItem\",\"position\":2,\"name\":\"P\u00e1gina Principal\"}]},{\"@type\":\"WebSite\",\"@id\":\"https:\/\/unifsa.com.br\/sec\/#website\",\"url\":\"https:\/\/unifsa.com.br\/sec\/\",\"name\":\"Semana Cient\u00edfica do Centro Universit\u00e1rio Santo Agostinho\",\"description\":\"Semana Cient\u00edfica UNIFSA\",\"potentialAction\":[{\"@type\":\"SearchAction\",\"target\":{\"@type\":\"EntryPoint\",\"urlTemplate\":\"https:\/\/unifsa.com.br\/sec\/?s={search_term_string}\"},\"query-input\":\"required name=search_term_string\"}],\"inLanguage\":\"pt-BR\"}]}<\/script>\n<!-- \/ Yoast SEO plugin. -->","yoast_head_json":{"title":"P\u00e1gina Principal - Semana Cient\u00edfica do Centro Universit\u00e1rio Santo Agostinho","robots":{"index":"index","follow":"follow","max-snippet":"max-snippet:-1","max-image-preview":"max-image-preview:large","max-video-preview":"max-video-preview:-1"},"canonical":"https:\/\/unifsa.com.br\/sec\/","og_locale":"pt_BR","og_type":"article","og_title":"P\u00e1gina Principal - Semana Cient\u00edfica do Centro Universit\u00e1rio Santo Agostinho","og_description":"Hist\u00f3ria Acesse a trajet\u00f3ria da Semana Cient\u00edfica do Centro Universit\u00e1rio Santo Agostinho de 2003 aos dias atuais. Anais da SEC Conhe\u00e7a os Anais da Semana Cient\u00edfica e os Trabalhos\u00a0 que foram publicados. Sala de Imprensa Acompanhe as principais not\u00edcias que foram publicadas sobre o evento e saiba as novidades.","og_url":"https:\/\/unifsa.com.br\/sec\/","og_site_name":"Semana Cient\u00edfica do Centro Universit\u00e1rio Santo Agostinho","article_modified_time":"2024-09-03T20:21:30+00:00","twitter_card":"summary_large_image","twitter_misc":{"Est. tempo de leitura":"1 minuto"},"schema":{"@context":"https:\/\/schema.org","@graph":[{"@type":"WebPage","@id":"https:\/\/unifsa.com.br\/sec\/","url":"https:\/\/unifsa.com.br\/sec\/","name":"P\u00e1gina Principal - Semana Cient\u00edfica do Centro Universit\u00e1rio Santo Agostinho","isPartOf":{"@id":"https:\/\/unifsa.com.br\/sec\/#website"},"datePublished":"2021-12-11T14:34:46+00:00","dateModified":"2024-09-03T20:21:30+00:00","breadcrumb":{"@id":"https:\/\/unifsa.com.br\/sec\/#breadcrumb"},"inLanguage":"pt-BR","potentialAction":[{"@type":"ReadAction","target":["https:\/\/unifsa.com.br\/sec\/"]}]},{"@type":"BreadcrumbList","@id":"https:\/\/unifsa.com.br\/sec\/#breadcrumb","itemListElement":[{"@type":"ListItem","position":1,"name":"In\u00edcio","item":"https:\/\/unifsa.com.br\/sec\/"},{"@type":"ListItem","position":2,"name":"P\u00e1gina Principal"}]},{"@type":"WebSite","@id":"https:\/\/unifsa.com.br\/sec\/#website","url":"https:\/\/unifsa.com.br\/sec\/","name":"Semana Cient\u00edfica do Centro Universit\u00e1rio Santo Agostinho","description":"Semana Cient\u00edfica UNIFSA","potentialAction":[{"@type":"SearchAction","target":{"@type":"EntryPoint","urlTemplate":"https:\/\/unifsa.com.br\/sec\/?s={search_term_string}"},"query-input":"required name=search_term_string"}],"inLanguage":"pt-BR"}]}},"_links":{"self":[{"href":"https:\/\/unifsa.com.br\/sec\/wp-json\/wp\/v2\/pages\/14","targetHints":{"allow":["GET"]}}],"collection":[{"href":"https:\/\/unifsa.com.br\/sec\/wp-json\/wp\/v2\/pages"}],"about":[{"href":"https:\/\/unifsa.com.br\/sec\/wp-json\/wp\/v2\/types\/page"}],"author":[{"embeddable":true,"href":"https:\/\/unifsa.com.br\/sec\/wp-json\/wp\/v2\/users\/1"}],"replies":[{"embeddable":true,"href":"https:\/\/unifsa.com.br\/sec\/wp-json\/wp\/v2\/comments?post=14"}],"version-history":[{"count":242,"href":"https:\/\/unifsa.com.br\/sec\/wp-json\/wp\/v2\/pages\/14\/revisions"}],"predecessor-version":[{"id":1557,"href":"https:\/\/unifsa.com.br\/sec\/wp-json\/wp\/v2\/pages\/14\/revisions\/1557"}],"wp:attachment":[{"href":"https:\/\/unifsa.com.br\/sec\/wp-json\/wp\/v2\/media?parent=14"}],"curies":[{"name":"wp","href":"https:\/\/api.w.org\/{rel}","templated":true}]}}