{"id":274,"date":"2021-03-20T10:46:34","date_gmt":"2021-03-20T13:46:34","guid":{"rendered":"https:\/\/unifsa.com.br\/cics2025\/?page_id=274"},"modified":"2025-05-22T14:34:23","modified_gmt":"2025-05-22T17:34:23","slug":"valores-das-inscricoes","status":"publish","type":"page","link":"https:\/\/unifsa.com.br\/cics2025\/valores-das-inscricoes\/","title":{"rendered":"Valores das inscri\u00e7\u00f5es"},"content":{"rendered":"\n<p>As inscri\u00e7\u00f5es para o evento 2\u00b0 Congresso Internacional Ci\u00eancia e Sociedade j\u00e1 est\u00e3o abertas!<\/p>\n\n\n\n<p>Confira abaixo na tabela de pre\u00e7os as categorias dispon\u00edveis e o valor para se inscrever, fique atento \u00e0 data indicada na tabela, descontos podem aparecer nos valores.<\/p>\n\n\n\n<h4 class=\"wp-block-heading\">Inscri\u00e7\u00f5es em Real (R$)<\/h4>\n\n\n\n<style>\n  table {\n    width: 100%;\n    border-collapse: collapse;\n    margin: 20px 0;\n    font-family: Arial, sans-serif;\n    text-align: center;\n    border: 1px solid #000;\n    overflow: hidden;\n    border-radius: 12px;\n  }\n\n  thead th {\n    background-color: #04D6FD;\n    color: #ffffff;\n    padding: 10px;\n    font-size: 16px;\n    font-weight: bold;\n  }\n\n  tbody tr:nth-child(odd) {\n    background-color: #FFF4E8;\n  }\n\n  tbody tr:nth-child(even) {\n    background-color: white;\n  }\n\n  tbody tr td {\n    padding: 10px;\n    border: 1px solid #FF6002;\n    word-wrap: break-word;\n  }\n\n  tbody tr td:first-child {\n    font-weight: bold;\n    text-align: left;\n  }\n\n  @media (max-width: 768px) {\n    table, thead, tbody, th, td, tr {\n      display: block;\n      width: 100%;\n    }\n\n    thead {\n      display: none;\n    }\n\n    tr {\n      margin-bottom: 15px;\n      border-bottom: 2px solid #FF6002;\n    }\n\n    td {\n      display: flex;\n      justify-content: space-between;\n      align-items: center;\n      text-align: left;\n      padding: 10px;\n    }\n\n    td::before {\n      content: attr(data-label);\n      flex: 1;\n      font-weight: bold;\n      color: #FF6002;\n      margin-right: 10px;\n      text-align: left;\n    }\n\n    td:last-child {\n      flex: 2;\n    }\n  }\n<\/style>\n\n<table>\n  <thead>\n    <tr>\n      <th colspan=\"5\">2\u00ba Congresso Internacional Ci\u00eancia e Sociedade (CICS) 2025<\/th>\n    <\/tr>\n    <tr>\n      <th>CATEGORIA<\/th>\n      <th>At\u00e9 30 de abril<\/th>\n      <th>At\u00e9 30 de junho<\/th>\n      <th>At\u00e9 31 de agosto<\/th>\n      <th>At\u00e9 3 de novembro<\/th>\n    <\/tr>\n  <\/thead>\n  <tbody>\n    <tr>\n      <td data-label=\"CATEGORIA\">Bolsista PIBIC \/ PIVIC do UNIFSA e Monitor(a) do CICS<\/td>\n      <td data-label=\"At\u00e9 30 de abril\">100,00<\/td>\n      <td data-label=\"At\u00e9 30 de junho\">120,00<\/td>\n      <td data-label=\"At\u00e9 31 de agosto\">140,00<\/td>\n      <td data-label=\"At\u00e9 3 de novembro\">160,00<\/td>\n    <\/tr>\n    <tr>\n      <td data-label=\"CATEGORIA\">Estudantes de gradua\u00e7\u00e3o e de p\u00f3s-gradua\u00e7\u00e3o do UNIFSA<\/td>\n      <td data-label=\"At\u00e9 30 de abril\">120,00<\/td>\n      <td data-label=\"At\u00e9 30 de junho\">140,00<\/td>\n      <td data-label=\"At\u00e9 31 de agosto\">160,00<\/td>\n      <td data-label=\"At\u00e9 3 de novembro\">180,00<\/td>\n    <\/tr>\n    <tr>\n      <td data-label=\"CATEGORIA\">Estudantes de gradua\u00e7\u00e3o de outra IES<\/td>\n      <td data-label=\"At\u00e9 30 de abril\">140,00<\/td>\n      <td data-label=\"At\u00e9 30 de junho\">160,00<\/td>\n      <td data-label=\"At\u00e9 31 de agosto\">180,00<\/td>\n      <td data-label=\"At\u00e9 3 de novembro\">200,00<\/td>\n    <\/tr>\n    <tr>\n      <td data-label=\"CATEGORIA\">Estudantes de p\u00f3s-gradua\u00e7\u00e3o de outra IES<\/td>\n      <td data-label=\"At\u00e9 30 de abril\">160,00<\/td>\n      <td data-label=\"At\u00e9 30 de junho\">180,00<\/td>\n      <td data-label=\"At\u00e9 31 de agosto\">200,00<\/td>\n      <td data-label=\"At\u00e9 3 de novembro\">220,00<\/td>\n    <\/tr>\n    <tr>\n      <td data-label=\"CATEGORIA\">Professor(a) da educa\u00e7\u00e3o b\u00e1sica<\/td>\n      <td data-label=\"At\u00e9 30 de abril\">100,00<\/td>\n      <td data-label=\"At\u00e9 30 de junho\">120,00<\/td>\n      <td data-label=\"At\u00e9 31 de agosto\">140,00<\/td>\n      <td data-label=\"At\u00e9 3 de novembro\">160,00<\/td>\n    <\/tr>\n    <tr>\n      <td data-label=\"CATEGORIA\">Professor(a) do ensino superior do UNIFSA<\/td>\n      <td data-label=\"At\u00e9 30 de abril\">170,00<\/td>\n      <td data-label=\"At\u00e9 30 de junho\">190,00<\/td>\n      <td data-label=\"At\u00e9 31 de agosto\">210,00<\/td>\n      <td data-label=\"At\u00e9 3 de novembro\">230,00<\/td>\n    <\/tr>\n    <tr>\n      <td data-label=\"CATEGORIA\">Profissional de entidade de classe apoiadora do CICS<\/td>\n      <td data-label=\"At\u00e9 30 de abril\">170,00<\/td>\n      <td data-label=\"At\u00e9 30 de junho\">190,00<\/td>\n      <td data-label=\"At\u00e9 31 de agosto\">210,00<\/td>\n      <td data-label=\"At\u00e9 3 de novembro\">230,00<\/td>\n    <\/tr>\n    <tr>\n      <td data-label=\"CATEGORIA\">Professor(a) do ensino superior de outra IES<\/td>\n      <td data-label=\"At\u00e9 30 de abril\">180,00<\/td>\n      <td data-label=\"At\u00e9 30 de junho\">200,00<\/td>\n      <td data-label=\"At\u00e9 31 de agosto\">220,00<\/td>\n      <td data-label=\"At\u00e9 3 de novembro\">240,00<\/td>\n    <\/tr>\n    <tr>\n      <td data-label=\"CATEGORIA\">Outros profissionais<\/td>\n      <td data-label=\"At\u00e9 30 de abril\">200,00<\/td>\n      <td data-label=\"At\u00e9 30 de junho\">220,00<\/td>\n      <td data-label=\"At\u00e9 31 de agosto\">240,00<\/td>\n      <td data-label=\"At\u00e9 3 de novembro\">260,00<\/td>\n    <\/tr>\n  <\/tbody>\n<\/table>\n\n\n\n<h4 class=\"wp-block-heading\">Inscri\u00e7\u00f5es em Euros (\u20ac):<\/h4>\n\n\n\n<style>\n  table {\n    width: 100%;\n    border-collapse: collapse;\n    margin: 20px 0;\n    font-family: Arial, sans-serif;\n    text-align: center;\n    border: 1px solid #000;\n    overflow: hidden;\n    border-radius: 12px;\n  }\n\n  thead th {\n    background-color: #04D6FD;\n    color: #ffffff;\n    padding: 10px;\n    font-size: 16px;\n    font-weight: bold;\n  }\n\n  tbody tr:nth-child(odd) {\n    background-color: #FFF4E8;\n  }\n\n  tbody tr:nth-child(even) {\n    background-color: white;\n  }\n\n  tbody tr td {\n    padding: 10px;\n    border: 1px solid #000;\n    word-wrap: break-word;\n  }\n\n  tbody tr td:first-child {\n    font-weight: bold;\n    text-align: left;\n  }\n\n  @media (max-width: 768px) {\n    table, thead, tbody, th, td, tr {\n      display: block;\n      width: 100%;\n    }\n\n    thead {\n      display: none;\n    }\n\n    tr {\n      margin-bottom: 15px;\n      border-bottom: 2px solid #FF6002;\n    }\n\n    td {\n      display: flex;\n      justify-content: space-between;\n      align-items: center;\n      text-align: left;\n      padding: 10px;\n    }\n\n    td::before {\n      content: attr(data-label);\n      flex: 1;\n      font-weight: bold;\n      color: #FF6002;\n      margin-right: 10px;\n      text-align: left;\n    }\n\n    td:last-child {\n      flex: 2;\n    }\n  }\n<\/style>\n\n<table>\n  <thead>\n    <tr>\n      <th colspan=\"5\">2\u00ba Congreso Internacional Ciencia y Sociedad<\/th>\n    <\/tr>\n    <tr>\n      <th>CATEGOR\u00cdA<\/th>\n      <th>Hasta el 30 de abril<\/th>\n      <th>Hasta el 30 de junio<\/th>\n      <th>Hasta el 31 de agosto<\/th>\n      <th>Hasta el 3 de noviembre<\/th>\n    <\/tr>\n  <\/thead>\n  <tbody>\n    <tr>\n      <td data-label=\"CATEGOR\u00cdA\"><i>Estudiantes de pregrado y postgrado de UNIFSA<\/i><\/td>\n      <td data-label=\"Hasta el 30 de abril\">30,00<\/td>\n      <td data-label=\"Hasta el 30 de junio\">45,00<\/td>\n      <td data-label=\"Hasta el 31 de agosto\">60,00<\/td>\n      <td data-label=\"Hasta el 3 de noviembre\">70,00<\/td>\n    <\/tr>\n    <tr>\n      <td data-label=\"CATEGOR\u00cdA\"><i>Estudiante de pregrado de otra universidad<\/i><\/td>\n      <td data-label=\"Hasta el 30 de abril\">35,00<\/td>\n      <td data-label=\"Hasta el 30 de junio\">50,00<\/td>\n      <td data-label=\"Hasta el 31 de agosto\">65,00<\/td>\n      <td data-label=\"Hasta el 3 de noviembre\">75,00<\/td>\n    <\/tr>\n    <tr>\n      <td data-label=\"CATEGOR\u00cdA\"><i>Estudiantes de postgrado de otra universidad<\/i><\/td>\n      <td data-label=\"Hasta el 30 de abril\">40,00<\/td>\n      <td data-label=\"Hasta el 30 de junio\">55,00<\/td>\n      <td data-label=\"Hasta el 31 de agosto\">70,00<\/td>\n      <td data-label=\"Hasta el 3 de noviembre\">80,00<\/td>\n    <\/tr>\n    <tr>\n      <td data-label=\"CATEGOR\u00cdA\"><i>Profesor de educaci\u00f3n b\u00e1sica<\/i><\/td>\n      <td data-label=\"Hasta el 30 de abril\">30,00<\/td>\n      <td data-label=\"Hasta el 30 de junio\">45,00<\/td>\n      <td data-label=\"Hasta el 31 de agosto\">60,00<\/td>\n      <td data-label=\"Hasta el 3 de noviembre\">70,00<\/td>\n    <\/tr>\n    <tr>\n      <td data-label=\"CATEGOR\u00cdA\"><i>Profesor de educaci\u00f3n superior de UNIFSA<\/i><\/td>\n      <td data-label=\"Hasta el 30 de abril\">45,00<\/td>\n      <td data-label=\"Hasta el 30 de junio\">60,00<\/td>\n      <td data-label=\"Hasta el 31 de agosto\">70,00<\/td>\n      <td data-label=\"Hasta el 3 de noviembre\">80,00<\/td>\n    <\/tr>\n    <tr>\n      <td data-label=\"CATEGOR\u00cdA\"><i>Otros profesionales<\/i><\/td>\n      <td data-label=\"Hasta el 30 de abril\">75,00<\/td>\n      <td data-label=\"Hasta el 30 de junio\">80,00<\/td>\n      <td data-label=\"Hasta el 31 de agosto\">90,00<\/td>\n      <td data-label=\"Hasta el 3 de noviembre\">100,00<\/td>\n    <\/tr>\n  <\/tbody>\n<\/table>\n\n\n\n<h4 class=\"wp-block-heading\">Inscri\u00e7\u00f5es em Dolar ($)<\/h4>\n\n\n\n<style>\n  table {\n    width: 100%;\n    border-collapse: collapse;\n    margin: 20px 0;\n    font-family: Arial, sans-serif;\n    text-align: center;\n    border: 1px solid #000;\n    overflow: hidden;\n    border-radius: 12px;\n  }\n\n  thead th {\n    background-color: #04D6FD;\n    color: #ffffff;\n    padding: 10px;\n    font-size: 16px;\n    font-weight: bold;\n  }\n\n  tbody tr:nth-child(odd) {\n    background-color: #FFF4E8;\n  }\n\n  tbody tr:nth-child(even) {\n    background-color: white;\n  }\n\n  tbody tr td {\n    padding: 10px;\n    border: 1px solid #000;\n    word-wrap: break-word;\n  }\n\n  tbody tr td:first-child {\n    font-weight: bold;\n    text-align: left;\n  }\n\n  @media (max-width: 768px) {\n    table, thead, tbody, th, td, tr {\n      display: block;\n      width: 100%;\n    }\n\n    thead {\n      display: none;\n    }\n\n    tr {\n      margin-bottom: 15px;\n      border-bottom: 2px solid #FF6002;\n    }\n\n    td {\n      display: flex;\n      justify-content: space-between;\n      align-items: center;\n      text-align: left;\n      padding: 10px;\n    }\n\n    td::before {\n      content: attr(data-label);\n      flex: 1;\n      font-weight: bold;\n      color: #FF6002;\n      margin-right: 10px;\n      text-align: left;\n    }\n\n    td:last-child {\n      flex: 2;\n    }\n  }\n<\/style>\n\n<table>\n  <thead>\n    <tr>\n      <th colspan=\"5\">2st International Science and Society Congress<\/th>\n    <\/tr>\n    <tr>\n      <th>CATEGORY<\/th>\n      <th>Until April 30th<\/th>\n      <th>Up to June 30th<\/th>\n      <th>Until August 31st<\/th>\n      <th>Value in DOLLARS ($)<\/th>\n    <\/tr>\n  <\/thead>\n  <tbody>\n    <tr>\n      <td data-label=\"CATEGORY\"><i>Undergraduate student and Graduate from UNIFSA<\/i><\/td>\n      <td data-label=\"Until April 30th\">30,00<\/td>\n      <td data-label=\"Up to June 30th\">45,00<\/td>\n      <td data-label=\"Until August 31st\">60,00<\/td>\n      <td data-label=\"Value in DOLLARS ($)\">70,00<\/td>\n    <\/tr>\n    <tr>\n      <td data-label=\"CATEGORY\">Undergraduate student from another university<\/td>\n      <td data-label=\"Until April 30th\">35,00<\/td>\n      <td data-label=\"Up to June 30th\">50,00<\/td>\n      <td data-label=\"Until August 31st\">65,00<\/td>\n      <td data-label=\"Value in DOLLARS ($)\">75,00<\/td>\n    <\/tr>\n    <tr>\n      <td data-label=\"CATEGORY\"><i>Graduate student from another university<\/i><\/td>\n      <td data-label=\"Until April 30th\">40,00<\/td>\n      <td data-label=\"Up to June 30th\">55,00<\/td>\n      <td data-label=\"Until August 31st\">70,00<\/td>\n      <td data-label=\"Value in DOLLARS ($)\">80,00<\/td>\n    <\/tr>\n    <tr>\n      <td data-label=\"CATEGORY\">Basic education teacher<\/td>\n      <td data-label=\"Until April 30th\">30,00<\/td>\n      <td data-label=\"Up to June 30th\">45,00<\/td>\n      <td data-label=\"Until August 31st\">60,00<\/td>\n      <td data-label=\"Value in DOLLARS ($)\">70,00<\/td>\n    <\/tr>\n    <tr>\n      <td data-label=\"CATEGORY\"><i>Higher education teacher from UNIFSA<\/i><\/td>\n      <td data-label=\"Until April 30th\">45,00<\/td>\n      <td data-label=\"Up to June 30th\">60,00<\/td>\n      <td data-label=\"Until August 31st\">70,00<\/td>\n      <td data-label=\"Value in DOLLARS ($)\">80,00<\/td>\n    <\/tr>\n    <tr>\n      <td data-label=\"CATEGORY\">Higher education teacher from another university<\/td>\n      <td data-label=\"Until April 30th\">50,00<\/td>\n      <td data-label=\"Up to June 30th\">70,00<\/td>\n      <td data-label=\"Until August 31st\">80,00<\/td>\n      <td data-label=\"Value in DOLLARS ($)\">85,00<\/td>\n    <\/tr>\n    <tr>\n      <td data-label=\"CATEGORY\"><i>Other professionals<\/i><\/td>\n      <td data-label=\"Until April 30th\">75,00<\/td>\n      <td data-label=\"Up to June 30th\">80,00<\/td>\n      <td data-label=\"Until August 31st\">90,00<\/td>\n      <td data-label=\"Value in DOLLARS ($)\">100,00<\/td>\n    <\/tr>\n  <\/tbody>\n<\/table>\n\n\n\n<div class=\"wp-block-buttons alignwide is-layout-flex wp-block-buttons-is-layout-flex\">\n<div class=\"wp-block-button aligncenter is-style-fill\"><a class=\"wp-block-button__link has-vivid-cyan-blue-background-color has-background wp-element-button\" href=\"https:\/\/eventos.galoa.com.br\/cics-2023\/registration\/register\" target=\"_blank\" rel=\"noreferrer noopener\">INSCREVA-SE<\/a><\/div>\n<\/div>\n\n\n\n<p class=\"has-text-align-center\"><\/p>\n\n\n\n<p><\/p>\n\n\n\n<p><\/p>\n","protected":false},"excerpt":{"rendered":"<p>As inscri\u00e7\u00f5es para o evento 2\u00b0 Congresso Internacional Ci\u00eancia e Sociedade j\u00e1 est\u00e3o abertas! Confira abaixo na tabela de pre\u00e7os as categorias dispon\u00edveis e o valor para se inscrever, fique atento \u00e0 data indicada na tabela, descontos podem aparecer nos valores. Inscri\u00e7\u00f5es em Real (R$) 2\u00ba Congresso Internacional Ci\u00eancia e Sociedade (CICS) 2025 CATEGORIA At\u00e9 [&hellip;]<\/p>\n","protected":false},"author":2,"featured_media":0,"parent":0,"menu_order":0,"comment_status":"closed","ping_status":"closed","template":"","meta":{"footnotes":""},"class_list":["post-274","page","type-page","status-publish","hentry"],"yoast_head":"<!-- This site is optimized with the Yoast SEO plugin v26.2 - https:\/\/yoast.com\/wordpress\/plugins\/seo\/ -->\n<title>Valores das inscri\u00e7\u00f5es - 2\u00ba CICS | Edi\u00e7\u00e3o 2025<\/title>\n<meta name=\"robots\" content=\"index, follow, max-snippet:-1, max-image-preview:large, max-video-preview:-1\" \/>\n<link rel=\"canonical\" href=\"https:\/\/unifsa.com.br\/cics2025\/valores-das-inscricoes\/\" \/>\n<meta property=\"og:locale\" content=\"pt_BR\" \/>\n<meta property=\"og:type\" content=\"article\" \/>\n<meta property=\"og:title\" content=\"Valores das inscri\u00e7\u00f5es - 2\u00ba CICS | Edi\u00e7\u00e3o 2025\" \/>\n<meta property=\"og:description\" content=\"As inscri\u00e7\u00f5es para o evento 2\u00b0 Congresso Internacional Ci\u00eancia e Sociedade j\u00e1 est\u00e3o abertas! Confira abaixo na tabela de pre\u00e7os as categorias dispon\u00edveis e o valor para se inscrever, fique atento \u00e0 data indicada na tabela, descontos podem aparecer nos valores. Inscri\u00e7\u00f5es em Real (R$) 2\u00ba Congresso Internacional Ci\u00eancia e Sociedade (CICS) 2025 CATEGORIA At\u00e9 [&hellip;]\" \/>\n<meta property=\"og:url\" content=\"https:\/\/unifsa.com.br\/cics2025\/valores-das-inscricoes\/\" \/>\n<meta property=\"og:site_name\" content=\"2\u00ba CICS | Edi\u00e7\u00e3o 2025\" \/>\n<meta property=\"article:publisher\" content=\"https:\/\/www.facebook.com\/unifsa\/\" \/>\n<meta property=\"article:modified_time\" content=\"2025-05-22T17:34:23+00:00\" \/>\n<meta property=\"og:image\" content=\"https:\/\/unifsa.com.br\/cics2025\/wp-content\/uploads\/2025\/01\/cropped-logomarca-cics202saa5.webp\" \/>\n\t<meta property=\"og:image:width\" content=\"512\" \/>\n\t<meta property=\"og:image:height\" content=\"512\" \/>\n\t<meta property=\"og:image:type\" content=\"image\/webp\" \/>\n<meta name=\"twitter:card\" content=\"summary_large_image\" \/>\n<meta name=\"twitter:label1\" content=\"Est. tempo de leitura\" \/>\n\t<meta name=\"twitter:data1\" content=\"2 minutos\" \/>\n<script type=\"application\/ld+json\" class=\"yoast-schema-graph\">{\"@context\":\"https:\/\/schema.org\",\"@graph\":[{\"@type\":\"WebPage\",\"@id\":\"https:\/\/unifsa.com.br\/cics2025\/valores-das-inscricoes\/\",\"url\":\"https:\/\/unifsa.com.br\/cics2025\/valores-das-inscricoes\/\",\"name\":\"Valores das inscri\u00e7\u00f5es - 2\u00ba CICS | Edi\u00e7\u00e3o 2025\",\"isPartOf\":{\"@id\":\"https:\/\/unifsa.com.br\/cics2025\/#website\"},\"datePublished\":\"2021-03-20T13:46:34+00:00\",\"dateModified\":\"2025-05-22T17:34:23+00:00\",\"breadcrumb\":{\"@id\":\"https:\/\/unifsa.com.br\/cics2025\/valores-das-inscricoes\/#breadcrumb\"},\"inLanguage\":\"pt-BR\",\"potentialAction\":[{\"@type\":\"ReadAction\",\"target\":[\"https:\/\/unifsa.com.br\/cics2025\/valores-das-inscricoes\/\"]}]},{\"@type\":\"BreadcrumbList\",\"@id\":\"https:\/\/unifsa.com.br\/cics2025\/valores-das-inscricoes\/#breadcrumb\",\"itemListElement\":[{\"@type\":\"ListItem\",\"position\":1,\"name\":\"In\u00edcio\",\"item\":\"https:\/\/unifsa.com.br\/cics2025\/\"},{\"@type\":\"ListItem\",\"position\":2,\"name\":\"Valores das inscri\u00e7\u00f5es\"}]},{\"@type\":\"WebSite\",\"@id\":\"https:\/\/unifsa.com.br\/cics2025\/#website\",\"url\":\"https:\/\/unifsa.com.br\/cics2025\/\",\"name\":\"2\u00ba CICS | Edi\u00e7\u00e3o 2025\",\"description\":\"Congresso Internaconal Ci\u00eancia e Sociedade\",\"publisher\":{\"@id\":\"https:\/\/unifsa.com.br\/cics2025\/#organization\"},\"alternateName\":\"Congresso Internacional Ci\u00eancia e Sociedade (CICS)\",\"potentialAction\":[{\"@type\":\"SearchAction\",\"target\":{\"@type\":\"EntryPoint\",\"urlTemplate\":\"https:\/\/unifsa.com.br\/cics2025\/?s={search_term_string}\"},\"query-input\":{\"@type\":\"PropertyValueSpecification\",\"valueRequired\":true,\"valueName\":\"search_term_string\"}}],\"inLanguage\":\"pt-BR\"},{\"@type\":\"Organization\",\"@id\":\"https:\/\/unifsa.com.br\/cics2025\/#organization\",\"name\":\"Centro Universit\u00e1rio Santo Agostinho\",\"alternateName\":\"UNIFSA\",\"url\":\"https:\/\/unifsa.com.br\/cics2025\/\",\"logo\":{\"@type\":\"ImageObject\",\"inLanguage\":\"pt-BR\",\"@id\":\"https:\/\/unifsa.com.br\/cics2025\/#\/schema\/logo\/image\/\",\"url\":\"https:\/\/unifsa.com.br\/cics2025\/wp-content\/uploads\/2025\/01\/cropped-logomarca-cics202saa5.webp\",\"contentUrl\":\"https:\/\/unifsa.com.br\/cics2025\/wp-content\/uploads\/2025\/01\/cropped-logomarca-cics202saa5.webp\",\"width\":512,\"height\":512,\"caption\":\"Centro Universit\u00e1rio Santo Agostinho\"},\"image\":{\"@id\":\"https:\/\/unifsa.com.br\/cics2025\/#\/schema\/logo\/image\/\"},\"sameAs\":[\"https:\/\/www.facebook.com\/unifsa\/\",\"https:\/\/unifsa.com.br\/cics2025\/a-conferencia\/\"]}]}<\/script>\n<!-- \/ Yoast SEO plugin. -->","yoast_head_json":{"title":"Valores das inscri\u00e7\u00f5es - 2\u00ba CICS | Edi\u00e7\u00e3o 2025","robots":{"index":"index","follow":"follow","max-snippet":"max-snippet:-1","max-image-preview":"max-image-preview:large","max-video-preview":"max-video-preview:-1"},"canonical":"https:\/\/unifsa.com.br\/cics2025\/valores-das-inscricoes\/","og_locale":"pt_BR","og_type":"article","og_title":"Valores das inscri\u00e7\u00f5es - 2\u00ba CICS | Edi\u00e7\u00e3o 2025","og_description":"As inscri\u00e7\u00f5es para o evento 2\u00b0 Congresso Internacional Ci\u00eancia e Sociedade j\u00e1 est\u00e3o abertas! Confira abaixo na tabela de pre\u00e7os as categorias dispon\u00edveis e o valor para se inscrever, fique atento \u00e0 data indicada na tabela, descontos podem aparecer nos valores. Inscri\u00e7\u00f5es em Real (R$) 2\u00ba Congresso Internacional Ci\u00eancia e Sociedade (CICS) 2025 CATEGORIA At\u00e9 [&hellip;]","og_url":"https:\/\/unifsa.com.br\/cics2025\/valores-das-inscricoes\/","og_site_name":"2\u00ba CICS | Edi\u00e7\u00e3o 2025","article_publisher":"https:\/\/www.facebook.com\/unifsa\/","article_modified_time":"2025-05-22T17:34:23+00:00","og_image":[{"width":512,"height":512,"url":"https:\/\/unifsa.com.br\/cics2025\/wp-content\/uploads\/2025\/01\/cropped-logomarca-cics202saa5.webp","type":"image\/webp"}],"twitter_card":"summary_large_image","twitter_misc":{"Est. tempo de leitura":"2 minutos"},"schema":{"@context":"https:\/\/schema.org","@graph":[{"@type":"WebPage","@id":"https:\/\/unifsa.com.br\/cics2025\/valores-das-inscricoes\/","url":"https:\/\/unifsa.com.br\/cics2025\/valores-das-inscricoes\/","name":"Valores das inscri\u00e7\u00f5es - 2\u00ba CICS | Edi\u00e7\u00e3o 2025","isPartOf":{"@id":"https:\/\/unifsa.com.br\/cics2025\/#website"},"datePublished":"2021-03-20T13:46:34+00:00","dateModified":"2025-05-22T17:34:23+00:00","breadcrumb":{"@id":"https:\/\/unifsa.com.br\/cics2025\/valores-das-inscricoes\/#breadcrumb"},"inLanguage":"pt-BR","potentialAction":[{"@type":"ReadAction","target":["https:\/\/unifsa.com.br\/cics2025\/valores-das-inscricoes\/"]}]},{"@type":"BreadcrumbList","@id":"https:\/\/unifsa.com.br\/cics2025\/valores-das-inscricoes\/#breadcrumb","itemListElement":[{"@type":"ListItem","position":1,"name":"In\u00edcio","item":"https:\/\/unifsa.com.br\/cics2025\/"},{"@type":"ListItem","position":2,"name":"Valores das inscri\u00e7\u00f5es"}]},{"@type":"WebSite","@id":"https:\/\/unifsa.com.br\/cics2025\/#website","url":"https:\/\/unifsa.com.br\/cics2025\/","name":"2\u00ba CICS | Edi\u00e7\u00e3o 2025","description":"Congresso Internaconal Ci\u00eancia e Sociedade","publisher":{"@id":"https:\/\/unifsa.com.br\/cics2025\/#organization"},"alternateName":"Congresso Internacional Ci\u00eancia e Sociedade (CICS)","potentialAction":[{"@type":"SearchAction","target":{"@type":"EntryPoint","urlTemplate":"https:\/\/unifsa.com.br\/cics2025\/?s={search_term_string}"},"query-input":{"@type":"PropertyValueSpecification","valueRequired":true,"valueName":"search_term_string"}}],"inLanguage":"pt-BR"},{"@type":"Organization","@id":"https:\/\/unifsa.com.br\/cics2025\/#organization","name":"Centro Universit\u00e1rio Santo Agostinho","alternateName":"UNIFSA","url":"https:\/\/unifsa.com.br\/cics2025\/","logo":{"@type":"ImageObject","inLanguage":"pt-BR","@id":"https:\/\/unifsa.com.br\/cics2025\/#\/schema\/logo\/image\/","url":"https:\/\/unifsa.com.br\/cics2025\/wp-content\/uploads\/2025\/01\/cropped-logomarca-cics202saa5.webp","contentUrl":"https:\/\/unifsa.com.br\/cics2025\/wp-content\/uploads\/2025\/01\/cropped-logomarca-cics202saa5.webp","width":512,"height":512,"caption":"Centro Universit\u00e1rio Santo Agostinho"},"image":{"@id":"https:\/\/unifsa.com.br\/cics2025\/#\/schema\/logo\/image\/"},"sameAs":["https:\/\/www.facebook.com\/unifsa\/","https:\/\/unifsa.com.br\/cics2025\/a-conferencia\/"]}]}},"_links":{"self":[{"href":"https:\/\/unifsa.com.br\/cics2025\/wp-json\/wp\/v2\/pages\/274","targetHints":{"allow":["GET"]}}],"collection":[{"href":"https:\/\/unifsa.com.br\/cics2025\/wp-json\/wp\/v2\/pages"}],"about":[{"href":"https:\/\/unifsa.com.br\/cics2025\/wp-json\/wp\/v2\/types\/page"}],"author":[{"embeddable":true,"href":"https:\/\/unifsa.com.br\/cics2025\/wp-json\/wp\/v2\/users\/2"}],"replies":[{"embeddable":true,"href":"https:\/\/unifsa.com.br\/cics2025\/wp-json\/wp\/v2\/comments?post=274"}],"version-history":[{"count":38,"href":"https:\/\/unifsa.com.br\/cics2025\/wp-json\/wp\/v2\/pages\/274\/revisions"}],"predecessor-version":[{"id":4682,"href":"https:\/\/unifsa.com.br\/cics2025\/wp-json\/wp\/v2\/pages\/274\/revisions\/4682"}],"wp:attachment":[{"href":"https:\/\/unifsa.com.br\/cics2025\/wp-json\/wp\/v2\/media?parent=274"}],"curies":[{"name":"wp","href":"https:\/\/api.w.org\/{rel}","templated":true}]}}