{"id":136,"date":"2021-02-18T10:27:13","date_gmt":"2021-02-18T13:27:13","guid":{"rendered":"https:\/\/unifsa.com.br\/cics2025\/?page_id=136"},"modified":"2026-03-06T14:30:37","modified_gmt":"2026-03-06T17:30:37","slug":"coordenacao-geral","status":"publish","type":"page","link":"https:\/\/unifsa.com.br\/cics2025\/coordenacao-geral\/","title":{"rendered":"Coordena\u00e7\u00e3o Geral"},"content":{"rendered":"\n<p><strong>PRESIDENTA DA COMISS\u00c3O ORGANIZADORA<\/strong><br>Profa. Ma. Antonieta Lira e Silva<br><br><strong>COORDENA\u00c7\u00c3O GERAL<\/strong><br><a href=\"http:\/\/lattes.cnpq.br\/2790585585767871\">Prof. Dr. Alisson Dias Gomes<\/a><br><a data-type=\"URL\" href=\"http:\/\/lattes.cnpq.br\/1713090757067566\" target=\"_blank\" rel=\"noreferrer noopener\">Profa. Dra. Izabel Herika Gomes Matias Cronemberger<\/a><br><a data-type=\"URL\" data-id=\"http:\/\/lattes.cnpq.br\/4880694253138298\" href=\"http:\/\/lattes.cnpq.br\/4880694253138298\" target=\"_blank\" rel=\"noreferrer noopener\">Profa. Dra. Ana Kelma Cunha Gallas<\/a><br><br><strong>MEMBROS<br><\/strong>Ma. Indira Maria de Melo Lira Pereira da Silva<br>Profa. Ma. Pen\u00e9lope Maria Melo e Lira<br>Prof. Dr. Edj\u00f4fre Coelho de Oliveira<br>Profa. Ma. Roberta Mara Ara\u00fajo Oliveira e Silva<\/p>\n\n\n\n<p><br><br><br><\/p>\n\n\n\n<p><br><br><\/p>\n","protected":false},"excerpt":{"rendered":"<p>PRESIDENTA DA COMISS\u00c3O ORGANIZADORAProfa. Ma. Antonieta Lira e Silva COORDENA\u00c7\u00c3O GERALProf. Dr. Alisson Dias GomesProfa. Dra. Izabel Herika Gomes Matias CronembergerProfa. Dra. Ana Kelma Cunha Gallas MEMBROSMa. Indira Maria de Melo Lira Pereira da SilvaProfa. Ma. Pen\u00e9lope Maria Melo e LiraProf. Dr. Edj\u00f4fre Coelho de OliveiraProfa. Ma. Roberta Mara Ara\u00fajo Oliveira e Silva<\/p>\n","protected":false},"author":1,"featured_media":0,"parent":0,"menu_order":0,"comment_status":"closed","ping_status":"closed","template":"","meta":{"footnotes":""},"class_list":["post-136","page","type-page","status-publish","hentry"],"yoast_head":"<!-- This site is optimized with the Yoast SEO plugin v26.2 - https:\/\/yoast.com\/wordpress\/plugins\/seo\/ -->\n<title>Coordena\u00e7\u00e3o Geral - 2\u00ba CICS | Edi\u00e7\u00e3o 2025<\/title>\n<meta name=\"robots\" content=\"index, follow, max-snippet:-1, max-image-preview:large, max-video-preview:-1\" \/>\n<link rel=\"canonical\" href=\"https:\/\/unifsa.com.br\/cics2025\/coordenacao-geral\/\" \/>\n<meta property=\"og:locale\" content=\"pt_BR\" \/>\n<meta property=\"og:type\" content=\"article\" \/>\n<meta property=\"og:title\" content=\"Coordena\u00e7\u00e3o Geral - 2\u00ba CICS | Edi\u00e7\u00e3o 2025\" \/>\n<meta property=\"og:description\" content=\"PRESIDENTA DA COMISS\u00c3O ORGANIZADORAProfa. Ma. Antonieta Lira e Silva COORDENA\u00c7\u00c3O GERALProf. Dr. Alisson Dias GomesProfa. Dra. Izabel Herika Gomes Matias CronembergerProfa. Dra. Ana Kelma Cunha Gallas MEMBROSMa. Indira Maria de Melo Lira Pereira da SilvaProfa. Ma. Pen\u00e9lope Maria Melo e LiraProf. Dr. Edj\u00f4fre Coelho de OliveiraProfa. Ma. Roberta Mara Ara\u00fajo Oliveira e Silva\" \/>\n<meta property=\"og:url\" content=\"https:\/\/unifsa.com.br\/cics2025\/coordenacao-geral\/\" \/>\n<meta property=\"og:site_name\" content=\"2\u00ba CICS | Edi\u00e7\u00e3o 2025\" \/>\n<meta property=\"article:publisher\" content=\"https:\/\/www.facebook.com\/unifsa\/\" \/>\n<meta property=\"article:modified_time\" content=\"2026-03-06T17:30:37+00:00\" \/>\n<meta property=\"og:image\" content=\"https:\/\/unifsa.com.br\/cics2025\/wp-content\/uploads\/2025\/01\/cropped-logomarca-cics202saa5.webp\" \/>\n\t<meta property=\"og:image:width\" content=\"512\" \/>\n\t<meta property=\"og:image:height\" content=\"512\" \/>\n\t<meta property=\"og:image:type\" content=\"image\/webp\" \/>\n<meta name=\"twitter:card\" content=\"summary_large_image\" \/>\n<meta name=\"twitter:label1\" content=\"Est. tempo de leitura\" \/>\n\t<meta name=\"twitter:data1\" content=\"1 minuto\" \/>\n<script type=\"application\/ld+json\" class=\"yoast-schema-graph\">{\"@context\":\"https:\/\/schema.org\",\"@graph\":[{\"@type\":\"WebPage\",\"@id\":\"https:\/\/unifsa.com.br\/cics2025\/coordenacao-geral\/\",\"url\":\"https:\/\/unifsa.com.br\/cics2025\/coordenacao-geral\/\",\"name\":\"Coordena\u00e7\u00e3o Geral - 2\u00ba CICS | Edi\u00e7\u00e3o 2025\",\"isPartOf\":{\"@id\":\"https:\/\/unifsa.com.br\/cics2025\/#website\"},\"datePublished\":\"2021-02-18T13:27:13+00:00\",\"dateModified\":\"2026-03-06T17:30:37+00:00\",\"breadcrumb\":{\"@id\":\"https:\/\/unifsa.com.br\/cics2025\/coordenacao-geral\/#breadcrumb\"},\"inLanguage\":\"pt-BR\",\"potentialAction\":[{\"@type\":\"ReadAction\",\"target\":[\"https:\/\/unifsa.com.br\/cics2025\/coordenacao-geral\/\"]}]},{\"@type\":\"BreadcrumbList\",\"@id\":\"https:\/\/unifsa.com.br\/cics2025\/coordenacao-geral\/#breadcrumb\",\"itemListElement\":[{\"@type\":\"ListItem\",\"position\":1,\"name\":\"In\u00edcio\",\"item\":\"https:\/\/unifsa.com.br\/cics2025\/\"},{\"@type\":\"ListItem\",\"position\":2,\"name\":\"Coordena\u00e7\u00e3o Geral\"}]},{\"@type\":\"WebSite\",\"@id\":\"https:\/\/unifsa.com.br\/cics2025\/#website\",\"url\":\"https:\/\/unifsa.com.br\/cics2025\/\",\"name\":\"2\u00ba CICS | Edi\u00e7\u00e3o 2025\",\"description\":\"Congresso Internaconal Ci\u00eancia e Sociedade\",\"publisher\":{\"@id\":\"https:\/\/unifsa.com.br\/cics2025\/#organization\"},\"alternateName\":\"Congresso Internacional Ci\u00eancia e Sociedade (CICS)\",\"potentialAction\":[{\"@type\":\"SearchAction\",\"target\":{\"@type\":\"EntryPoint\",\"urlTemplate\":\"https:\/\/unifsa.com.br\/cics2025\/?s={search_term_string}\"},\"query-input\":{\"@type\":\"PropertyValueSpecification\",\"valueRequired\":true,\"valueName\":\"search_term_string\"}}],\"inLanguage\":\"pt-BR\"},{\"@type\":\"Organization\",\"@id\":\"https:\/\/unifsa.com.br\/cics2025\/#organization\",\"name\":\"Centro Universit\u00e1rio Santo Agostinho\",\"alternateName\":\"UNIFSA\",\"url\":\"https:\/\/unifsa.com.br\/cics2025\/\",\"logo\":{\"@type\":\"ImageObject\",\"inLanguage\":\"pt-BR\",\"@id\":\"https:\/\/unifsa.com.br\/cics2025\/#\/schema\/logo\/image\/\",\"url\":\"https:\/\/unifsa.com.br\/cics2025\/wp-content\/uploads\/2025\/01\/cropped-logomarca-cics202saa5.webp\",\"contentUrl\":\"https:\/\/unifsa.com.br\/cics2025\/wp-content\/uploads\/2025\/01\/cropped-logomarca-cics202saa5.webp\",\"width\":512,\"height\":512,\"caption\":\"Centro Universit\u00e1rio Santo Agostinho\"},\"image\":{\"@id\":\"https:\/\/unifsa.com.br\/cics2025\/#\/schema\/logo\/image\/\"},\"sameAs\":[\"https:\/\/www.facebook.com\/unifsa\/\",\"https:\/\/unifsa.com.br\/cics2025\/a-conferencia\/\"]}]}<\/script>\n<!-- \/ Yoast SEO plugin. -->","yoast_head_json":{"title":"Coordena\u00e7\u00e3o Geral - 2\u00ba CICS | Edi\u00e7\u00e3o 2025","robots":{"index":"index","follow":"follow","max-snippet":"max-snippet:-1","max-image-preview":"max-image-preview:large","max-video-preview":"max-video-preview:-1"},"canonical":"https:\/\/unifsa.com.br\/cics2025\/coordenacao-geral\/","og_locale":"pt_BR","og_type":"article","og_title":"Coordena\u00e7\u00e3o Geral - 2\u00ba CICS | Edi\u00e7\u00e3o 2025","og_description":"PRESIDENTA DA COMISS\u00c3O ORGANIZADORAProfa. Ma. Antonieta Lira e Silva COORDENA\u00c7\u00c3O GERALProf. Dr. Alisson Dias GomesProfa. Dra. Izabel Herika Gomes Matias CronembergerProfa. Dra. Ana Kelma Cunha Gallas MEMBROSMa. Indira Maria de Melo Lira Pereira da SilvaProfa. Ma. Pen\u00e9lope Maria Melo e LiraProf. Dr. Edj\u00f4fre Coelho de OliveiraProfa. Ma. Roberta Mara Ara\u00fajo Oliveira e Silva","og_url":"https:\/\/unifsa.com.br\/cics2025\/coordenacao-geral\/","og_site_name":"2\u00ba CICS | Edi\u00e7\u00e3o 2025","article_publisher":"https:\/\/www.facebook.com\/unifsa\/","article_modified_time":"2026-03-06T17:30:37+00:00","og_image":[{"width":512,"height":512,"url":"https:\/\/unifsa.com.br\/cics2025\/wp-content\/uploads\/2025\/01\/cropped-logomarca-cics202saa5.webp","type":"image\/webp"}],"twitter_card":"summary_large_image","twitter_misc":{"Est. tempo de leitura":"1 minuto"},"schema":{"@context":"https:\/\/schema.org","@graph":[{"@type":"WebPage","@id":"https:\/\/unifsa.com.br\/cics2025\/coordenacao-geral\/","url":"https:\/\/unifsa.com.br\/cics2025\/coordenacao-geral\/","name":"Coordena\u00e7\u00e3o Geral - 2\u00ba CICS | Edi\u00e7\u00e3o 2025","isPartOf":{"@id":"https:\/\/unifsa.com.br\/cics2025\/#website"},"datePublished":"2021-02-18T13:27:13+00:00","dateModified":"2026-03-06T17:30:37+00:00","breadcrumb":{"@id":"https:\/\/unifsa.com.br\/cics2025\/coordenacao-geral\/#breadcrumb"},"inLanguage":"pt-BR","potentialAction":[{"@type":"ReadAction","target":["https:\/\/unifsa.com.br\/cics2025\/coordenacao-geral\/"]}]},{"@type":"BreadcrumbList","@id":"https:\/\/unifsa.com.br\/cics2025\/coordenacao-geral\/#breadcrumb","itemListElement":[{"@type":"ListItem","position":1,"name":"In\u00edcio","item":"https:\/\/unifsa.com.br\/cics2025\/"},{"@type":"ListItem","position":2,"name":"Coordena\u00e7\u00e3o Geral"}]},{"@type":"WebSite","@id":"https:\/\/unifsa.com.br\/cics2025\/#website","url":"https:\/\/unifsa.com.br\/cics2025\/","name":"2\u00ba CICS | Edi\u00e7\u00e3o 2025","description":"Congresso Internaconal Ci\u00eancia e Sociedade","publisher":{"@id":"https:\/\/unifsa.com.br\/cics2025\/#organization"},"alternateName":"Congresso Internacional Ci\u00eancia e Sociedade (CICS)","potentialAction":[{"@type":"SearchAction","target":{"@type":"EntryPoint","urlTemplate":"https:\/\/unifsa.com.br\/cics2025\/?s={search_term_string}"},"query-input":{"@type":"PropertyValueSpecification","valueRequired":true,"valueName":"search_term_string"}}],"inLanguage":"pt-BR"},{"@type":"Organization","@id":"https:\/\/unifsa.com.br\/cics2025\/#organization","name":"Centro Universit\u00e1rio Santo Agostinho","alternateName":"UNIFSA","url":"https:\/\/unifsa.com.br\/cics2025\/","logo":{"@type":"ImageObject","inLanguage":"pt-BR","@id":"https:\/\/unifsa.com.br\/cics2025\/#\/schema\/logo\/image\/","url":"https:\/\/unifsa.com.br\/cics2025\/wp-content\/uploads\/2025\/01\/cropped-logomarca-cics202saa5.webp","contentUrl":"https:\/\/unifsa.com.br\/cics2025\/wp-content\/uploads\/2025\/01\/cropped-logomarca-cics202saa5.webp","width":512,"height":512,"caption":"Centro Universit\u00e1rio Santo Agostinho"},"image":{"@id":"https:\/\/unifsa.com.br\/cics2025\/#\/schema\/logo\/image\/"},"sameAs":["https:\/\/www.facebook.com\/unifsa\/","https:\/\/unifsa.com.br\/cics2025\/a-conferencia\/"]}]}},"_links":{"self":[{"href":"https:\/\/unifsa.com.br\/cics2025\/wp-json\/wp\/v2\/pages\/136","targetHints":{"allow":["GET"]}}],"collection":[{"href":"https:\/\/unifsa.com.br\/cics2025\/wp-json\/wp\/v2\/pages"}],"about":[{"href":"https:\/\/unifsa.com.br\/cics2025\/wp-json\/wp\/v2\/types\/page"}],"author":[{"embeddable":true,"href":"https:\/\/unifsa.com.br\/cics2025\/wp-json\/wp\/v2\/users\/1"}],"replies":[{"embeddable":true,"href":"https:\/\/unifsa.com.br\/cics2025\/wp-json\/wp\/v2\/comments?post=136"}],"version-history":[{"count":33,"href":"https:\/\/unifsa.com.br\/cics2025\/wp-json\/wp\/v2\/pages\/136\/revisions"}],"predecessor-version":[{"id":4994,"href":"https:\/\/unifsa.com.br\/cics2025\/wp-json\/wp\/v2\/pages\/136\/revisions\/4994"}],"wp:attachment":[{"href":"https:\/\/unifsa.com.br\/cics2025\/wp-json\/wp\/v2\/media?parent=136"}],"curies":[{"name":"wp","href":"https:\/\/api.w.org\/{rel}","templated":true}]}}