{"id":1310,"date":"2023-02-03T19:30:09","date_gmt":"2023-02-03T22:30:09","guid":{"rendered":"https:\/\/unifsa.com.br\/cics2025\/comissao-de-monitoria-copy\/"},"modified":"2026-03-06T14:17:33","modified_gmt":"2026-03-06T17:17:33","slug":"comissao-de-infraestrutura-e-logistica","status":"publish","type":"page","link":"https:\/\/unifsa.com.br\/cics2025\/comissao-de-infraestrutura-e-logistica\/","title":{"rendered":"Comiss\u00e3o de Infraestrutura e Log\u00edstica"},"content":{"rendered":"\n<p><strong>COORDENA\u00c7\u00c3O<\/strong><br>Ma. Indira Maria de Melo Lira Pereira da Silva<\/p>\n\n\n\n<p><strong>MEMBROS<\/strong><br>Ma. M\u00f4nica Fialho Alcantara<br>Esp. Eulene Moura<br>Bel. Marcelino Melo<br>Bela. Karolina Lira dos Santos<br>Esp. Maria Carolina de Freitas Lira de Carvalho S\u00e1<br>Esp. S\u00f4nia Maria Pedroso<br>Profa. Esp. Islene Cristina Cardoso de Ara\u00fajo<br>Profa. Dra. Eldelita Aguida Porf\u00edrio Franco<br>Esp. Polyana Fabiene Rodrigues de Sousa Alc\u00e2ntara<br>Bel. Ernando Sousa<br>Bela. N\u00e9lia Moreira Pereira da Silva<br>Esp. Raimunda Gomes<br>Esp. M\u00e1rio Melo Lima<br>Bela. Mariana do Nascimento Lopes<br>Bela. Larissa Rodrigues da Silva<br>Bela. Kelma Lima dos Reis Oliveira<br>Bela. Luciana Fernandes Lima<br>Bela. Maria de Sousa Melo Santos<br>Bela. Carla Fabiane de Souza<br>Bel. Tulio Rennan Alves de Sousa<br>Bel. Rogel Andrade Cunha<br><\/p>\n\n\n\n<p><\/p>\n","protected":false},"excerpt":{"rendered":"<p>COORDENA\u00c7\u00c3OMa. Indira Maria de Melo Lira Pereira da Silva MEMBROSMa. M\u00f4nica Fialho AlcantaraEsp. Eulene MouraBel. Marcelino MeloBela. Karolina Lira dos SantosEsp. Maria Carolina de Freitas Lira de Carvalho S\u00e1Esp. S\u00f4nia Maria PedrosoProfa. Esp. Islene Cristina Cardoso de Ara\u00fajoProfa. Dra. Eldelita Aguida Porf\u00edrio FrancoEsp. Polyana Fabiene Rodrigues de Sousa Alc\u00e2ntaraBel. Ernando SousaBela. N\u00e9lia Moreira Pereira da [&hellip;]<\/p>\n","protected":false},"author":1,"featured_media":0,"parent":0,"menu_order":0,"comment_status":"closed","ping_status":"closed","template":"","meta":{"footnotes":""},"class_list":["post-1310","page","type-page","status-publish","hentry"],"yoast_head":"<!-- This site is optimized with the Yoast SEO plugin v26.2 - https:\/\/yoast.com\/wordpress\/plugins\/seo\/ -->\n<title>Comiss\u00e3o de Infraestrutura e Log\u00edstica - 2\u00ba CICS | Edi\u00e7\u00e3o 2025<\/title>\n<meta name=\"robots\" content=\"index, follow, max-snippet:-1, max-image-preview:large, max-video-preview:-1\" \/>\n<link rel=\"canonical\" href=\"https:\/\/unifsa.com.br\/cics2025\/comissao-de-infraestrutura-e-logistica\/\" \/>\n<meta property=\"og:locale\" content=\"pt_BR\" \/>\n<meta property=\"og:type\" content=\"article\" \/>\n<meta property=\"og:title\" content=\"Comiss\u00e3o de Infraestrutura e Log\u00edstica - 2\u00ba CICS | Edi\u00e7\u00e3o 2025\" \/>\n<meta property=\"og:description\" content=\"COORDENA\u00c7\u00c3OMa. Indira Maria de Melo Lira Pereira da Silva MEMBROSMa. M\u00f4nica Fialho AlcantaraEsp. Eulene MouraBel. Marcelino MeloBela. Karolina Lira dos SantosEsp. Maria Carolina de Freitas Lira de Carvalho S\u00e1Esp. S\u00f4nia Maria PedrosoProfa. Esp. Islene Cristina Cardoso de Ara\u00fajoProfa. Dra. Eldelita Aguida Porf\u00edrio FrancoEsp. Polyana Fabiene Rodrigues de Sousa Alc\u00e2ntaraBel. Ernando SousaBela. N\u00e9lia Moreira Pereira da [&hellip;]\" \/>\n<meta property=\"og:url\" content=\"https:\/\/unifsa.com.br\/cics2025\/comissao-de-infraestrutura-e-logistica\/\" \/>\n<meta property=\"og:site_name\" content=\"2\u00ba CICS | Edi\u00e7\u00e3o 2025\" \/>\n<meta property=\"article:publisher\" content=\"https:\/\/www.facebook.com\/unifsa\/\" \/>\n<meta property=\"article:modified_time\" content=\"2026-03-06T17:17:33+00:00\" \/>\n<meta property=\"og:image\" content=\"https:\/\/unifsa.com.br\/cics2025\/wp-content\/uploads\/2025\/01\/cropped-logomarca-cics202saa5.webp\" \/>\n\t<meta property=\"og:image:width\" content=\"512\" \/>\n\t<meta property=\"og:image:height\" content=\"512\" \/>\n\t<meta property=\"og:image:type\" content=\"image\/webp\" \/>\n<meta name=\"twitter:card\" content=\"summary_large_image\" \/>\n<meta name=\"twitter:label1\" content=\"Est. tempo de leitura\" \/>\n\t<meta name=\"twitter:data1\" content=\"1 minuto\" \/>\n<script type=\"application\/ld+json\" class=\"yoast-schema-graph\">{\"@context\":\"https:\/\/schema.org\",\"@graph\":[{\"@type\":\"WebPage\",\"@id\":\"https:\/\/unifsa.com.br\/cics2025\/comissao-de-infraestrutura-e-logistica\/\",\"url\":\"https:\/\/unifsa.com.br\/cics2025\/comissao-de-infraestrutura-e-logistica\/\",\"name\":\"Comiss\u00e3o de Infraestrutura e Log\u00edstica - 2\u00ba CICS | Edi\u00e7\u00e3o 2025\",\"isPartOf\":{\"@id\":\"https:\/\/unifsa.com.br\/cics2025\/#website\"},\"datePublished\":\"2023-02-03T22:30:09+00:00\",\"dateModified\":\"2026-03-06T17:17:33+00:00\",\"breadcrumb\":{\"@id\":\"https:\/\/unifsa.com.br\/cics2025\/comissao-de-infraestrutura-e-logistica\/#breadcrumb\"},\"inLanguage\":\"pt-BR\",\"potentialAction\":[{\"@type\":\"ReadAction\",\"target\":[\"https:\/\/unifsa.com.br\/cics2025\/comissao-de-infraestrutura-e-logistica\/\"]}]},{\"@type\":\"BreadcrumbList\",\"@id\":\"https:\/\/unifsa.com.br\/cics2025\/comissao-de-infraestrutura-e-logistica\/#breadcrumb\",\"itemListElement\":[{\"@type\":\"ListItem\",\"position\":1,\"name\":\"In\u00edcio\",\"item\":\"https:\/\/unifsa.com.br\/cics2025\/\"},{\"@type\":\"ListItem\",\"position\":2,\"name\":\"Comiss\u00e3o de Infraestrutura e Log\u00edstica\"}]},{\"@type\":\"WebSite\",\"@id\":\"https:\/\/unifsa.com.br\/cics2025\/#website\",\"url\":\"https:\/\/unifsa.com.br\/cics2025\/\",\"name\":\"2\u00ba CICS | Edi\u00e7\u00e3o 2025\",\"description\":\"Congresso Internaconal Ci\u00eancia e Sociedade\",\"publisher\":{\"@id\":\"https:\/\/unifsa.com.br\/cics2025\/#organization\"},\"alternateName\":\"Congresso Internacional Ci\u00eancia e Sociedade (CICS)\",\"potentialAction\":[{\"@type\":\"SearchAction\",\"target\":{\"@type\":\"EntryPoint\",\"urlTemplate\":\"https:\/\/unifsa.com.br\/cics2025\/?s={search_term_string}\"},\"query-input\":{\"@type\":\"PropertyValueSpecification\",\"valueRequired\":true,\"valueName\":\"search_term_string\"}}],\"inLanguage\":\"pt-BR\"},{\"@type\":\"Organization\",\"@id\":\"https:\/\/unifsa.com.br\/cics2025\/#organization\",\"name\":\"Centro Universit\u00e1rio Santo Agostinho\",\"alternateName\":\"UNIFSA\",\"url\":\"https:\/\/unifsa.com.br\/cics2025\/\",\"logo\":{\"@type\":\"ImageObject\",\"inLanguage\":\"pt-BR\",\"@id\":\"https:\/\/unifsa.com.br\/cics2025\/#\/schema\/logo\/image\/\",\"url\":\"https:\/\/unifsa.com.br\/cics2025\/wp-content\/uploads\/2025\/01\/cropped-logomarca-cics202saa5.webp\",\"contentUrl\":\"https:\/\/unifsa.com.br\/cics2025\/wp-content\/uploads\/2025\/01\/cropped-logomarca-cics202saa5.webp\",\"width\":512,\"height\":512,\"caption\":\"Centro Universit\u00e1rio Santo Agostinho\"},\"image\":{\"@id\":\"https:\/\/unifsa.com.br\/cics2025\/#\/schema\/logo\/image\/\"},\"sameAs\":[\"https:\/\/www.facebook.com\/unifsa\/\",\"https:\/\/unifsa.com.br\/cics2025\/a-conferencia\/\"]}]}<\/script>\n<!-- \/ Yoast SEO plugin. -->","yoast_head_json":{"title":"Comiss\u00e3o de Infraestrutura e Log\u00edstica - 2\u00ba CICS | Edi\u00e7\u00e3o 2025","robots":{"index":"index","follow":"follow","max-snippet":"max-snippet:-1","max-image-preview":"max-image-preview:large","max-video-preview":"max-video-preview:-1"},"canonical":"https:\/\/unifsa.com.br\/cics2025\/comissao-de-infraestrutura-e-logistica\/","og_locale":"pt_BR","og_type":"article","og_title":"Comiss\u00e3o de Infraestrutura e Log\u00edstica - 2\u00ba CICS | Edi\u00e7\u00e3o 2025","og_description":"COORDENA\u00c7\u00c3OMa. Indira Maria de Melo Lira Pereira da Silva MEMBROSMa. M\u00f4nica Fialho AlcantaraEsp. Eulene MouraBel. Marcelino MeloBela. Karolina Lira dos SantosEsp. Maria Carolina de Freitas Lira de Carvalho S\u00e1Esp. S\u00f4nia Maria PedrosoProfa. Esp. Islene Cristina Cardoso de Ara\u00fajoProfa. Dra. Eldelita Aguida Porf\u00edrio FrancoEsp. Polyana Fabiene Rodrigues de Sousa Alc\u00e2ntaraBel. Ernando SousaBela. N\u00e9lia Moreira Pereira da [&hellip;]","og_url":"https:\/\/unifsa.com.br\/cics2025\/comissao-de-infraestrutura-e-logistica\/","og_site_name":"2\u00ba CICS | Edi\u00e7\u00e3o 2025","article_publisher":"https:\/\/www.facebook.com\/unifsa\/","article_modified_time":"2026-03-06T17:17:33+00:00","og_image":[{"width":512,"height":512,"url":"https:\/\/unifsa.com.br\/cics2025\/wp-content\/uploads\/2025\/01\/cropped-logomarca-cics202saa5.webp","type":"image\/webp"}],"twitter_card":"summary_large_image","twitter_misc":{"Est. tempo de leitura":"1 minuto"},"schema":{"@context":"https:\/\/schema.org","@graph":[{"@type":"WebPage","@id":"https:\/\/unifsa.com.br\/cics2025\/comissao-de-infraestrutura-e-logistica\/","url":"https:\/\/unifsa.com.br\/cics2025\/comissao-de-infraestrutura-e-logistica\/","name":"Comiss\u00e3o de Infraestrutura e Log\u00edstica - 2\u00ba CICS | Edi\u00e7\u00e3o 2025","isPartOf":{"@id":"https:\/\/unifsa.com.br\/cics2025\/#website"},"datePublished":"2023-02-03T22:30:09+00:00","dateModified":"2026-03-06T17:17:33+00:00","breadcrumb":{"@id":"https:\/\/unifsa.com.br\/cics2025\/comissao-de-infraestrutura-e-logistica\/#breadcrumb"},"inLanguage":"pt-BR","potentialAction":[{"@type":"ReadAction","target":["https:\/\/unifsa.com.br\/cics2025\/comissao-de-infraestrutura-e-logistica\/"]}]},{"@type":"BreadcrumbList","@id":"https:\/\/unifsa.com.br\/cics2025\/comissao-de-infraestrutura-e-logistica\/#breadcrumb","itemListElement":[{"@type":"ListItem","position":1,"name":"In\u00edcio","item":"https:\/\/unifsa.com.br\/cics2025\/"},{"@type":"ListItem","position":2,"name":"Comiss\u00e3o de Infraestrutura e Log\u00edstica"}]},{"@type":"WebSite","@id":"https:\/\/unifsa.com.br\/cics2025\/#website","url":"https:\/\/unifsa.com.br\/cics2025\/","name":"2\u00ba CICS | Edi\u00e7\u00e3o 2025","description":"Congresso Internaconal Ci\u00eancia e Sociedade","publisher":{"@id":"https:\/\/unifsa.com.br\/cics2025\/#organization"},"alternateName":"Congresso Internacional Ci\u00eancia e Sociedade (CICS)","potentialAction":[{"@type":"SearchAction","target":{"@type":"EntryPoint","urlTemplate":"https:\/\/unifsa.com.br\/cics2025\/?s={search_term_string}"},"query-input":{"@type":"PropertyValueSpecification","valueRequired":true,"valueName":"search_term_string"}}],"inLanguage":"pt-BR"},{"@type":"Organization","@id":"https:\/\/unifsa.com.br\/cics2025\/#organization","name":"Centro Universit\u00e1rio Santo Agostinho","alternateName":"UNIFSA","url":"https:\/\/unifsa.com.br\/cics2025\/","logo":{"@type":"ImageObject","inLanguage":"pt-BR","@id":"https:\/\/unifsa.com.br\/cics2025\/#\/schema\/logo\/image\/","url":"https:\/\/unifsa.com.br\/cics2025\/wp-content\/uploads\/2025\/01\/cropped-logomarca-cics202saa5.webp","contentUrl":"https:\/\/unifsa.com.br\/cics2025\/wp-content\/uploads\/2025\/01\/cropped-logomarca-cics202saa5.webp","width":512,"height":512,"caption":"Centro Universit\u00e1rio Santo Agostinho"},"image":{"@id":"https:\/\/unifsa.com.br\/cics2025\/#\/schema\/logo\/image\/"},"sameAs":["https:\/\/www.facebook.com\/unifsa\/","https:\/\/unifsa.com.br\/cics2025\/a-conferencia\/"]}]}},"_links":{"self":[{"href":"https:\/\/unifsa.com.br\/cics2025\/wp-json\/wp\/v2\/pages\/1310","targetHints":{"allow":["GET"]}}],"collection":[{"href":"https:\/\/unifsa.com.br\/cics2025\/wp-json\/wp\/v2\/pages"}],"about":[{"href":"https:\/\/unifsa.com.br\/cics2025\/wp-json\/wp\/v2\/types\/page"}],"author":[{"embeddable":true,"href":"https:\/\/unifsa.com.br\/cics2025\/wp-json\/wp\/v2\/users\/1"}],"replies":[{"embeddable":true,"href":"https:\/\/unifsa.com.br\/cics2025\/wp-json\/wp\/v2\/comments?post=1310"}],"version-history":[{"count":15,"href":"https:\/\/unifsa.com.br\/cics2025\/wp-json\/wp\/v2\/pages\/1310\/revisions"}],"predecessor-version":[{"id":4991,"href":"https:\/\/unifsa.com.br\/cics2025\/wp-json\/wp\/v2\/pages\/1310\/revisions\/4991"}],"wp:attachment":[{"href":"https:\/\/unifsa.com.br\/cics2025\/wp-json\/wp\/v2\/media?parent=1310"}],"curies":[{"name":"wp","href":"https:\/\/api.w.org\/{rel}","templated":true}]}}