{"id":138,"date":"2021-02-18T10:27:53","date_gmt":"2021-02-18T13:27:53","guid":{"rendered":"https:\/\/unifsa.com.br\/cics2023\/?page_id=138"},"modified":"2025-06-20T11:14:55","modified_gmt":"2025-06-20T14:14:55","slug":"comissao-cientifica","status":"publish","type":"page","link":"https:\/\/unifsa.com.br\/cics2023\/comissao-cientifica\/","title":{"rendered":"Comiss\u00e3o Cient\u00edfica"},"content":{"rendered":"\n<p><strong>COORDENA\u00c7\u00c3O<\/strong><br><a data-type=\"URL\" href=\"http:\/\/lattes.cnpq.br\/1713090757067566\" target=\"_blank\" rel=\"noreferrer noopener\">Profa. Dra. Izabel Herika Gomes Matias Cronemberger<\/a><br><a data-type=\"URL\" data-id=\"http:\/\/lattes.cnpq.br\/4880694253138298\" href=\"http:\/\/lattes.cnpq.br\/4880694253138298\" target=\"_blank\" rel=\"noreferrer noopener\">Profa. Ma. Ana Kelma Cunha Gallas<\/a><br><a href=\"http:\/\/lattes.cnpq.br\/2790585585767871\">Prof. Dr. Alisson Dias Gomes<\/a><\/p>\n\n\n\n<p><strong>MEMBROS<\/strong><\/p>\n\n\n\n<p><a href=\"http:\/\/lattes.cnpq.br\/3300006317745526\" target=\"_blank\" rel=\"noreferrer noopener\">Profa. Dra. Liana Dantas da Costa e Silva Barbosa<\/a><br><a href=\"http:\/\/lattes.cnpq.br\/8777617148995641\" target=\"_blank\" rel=\"noreferrer noopener\">Profa. Dra. Taiane Ritta Coelho<\/a><br><a href=\"http:\/\/lattes.cnpq.br\/8256140747283328\" target=\"_blank\" rel=\"noreferrer noopener\">Profa. Dra. Willyane de Andrade Alvarenga<\/a><br><a href=\"http:\/\/lattes.cnpq.br\/0574356630988318\" target=\"_blank\" rel=\"noreferrer noopener\">Prof. Dr. Farley Simon Mendes Nobre<\/a><br><a href=\"http:\/\/lattes.cnpq.br\/8019442960641857\">Profa. Dra. Ros\u00e1lia Maria Carvalho Mour\u00e3o<\/a><br><a href=\"http:\/\/lattes.cnpq.br\/7715733828335286\" target=\"_blank\" rel=\"noreferrer noopener\">Profa. Dra. Raquel Vilanova Ara\u00fajo<\/a><br><a href=\"http:\/\/lattes.cnpq.br\/1524742195806112\">Profa. Dra. Daniele Rodrigues Carvalho Caldas<\/a><br><a href=\"http:\/\/lattes.cnpq.br\/3113116341602972\">Profa. Dra. Ana L\u00edvia Castelo Branco de Oliveira<\/a><br><a href=\"http:\/\/lattes.cnpq.br\/4240421546504397\" target=\"_blank\" rel=\"noreferrer noopener\">Profa. Dra. Jane Mendes Ferreira Fernandes<\/a><br><a href=\"http:\/\/lattes.cnpq.br\/0231762360307769\" target=\"_blank\" rel=\"noreferrer noopener\">Profa. Ma. Joseana Martins Soares de Rodrigues Leit\u00e3o<\/a><br><a href=\"http:\/\/lattes.cnpq.br\/1675681459400044\" target=\"_blank\" rel=\"noreferrer noopener\">Prof. Me. Robert Maur\u00edcio de Oliveira Ara\u00fajo<\/a><br><a href=\"http:\/\/lattes.cnpq.br\/5168891909909758\" target=\"_blank\" rel=\"noreferrer noopener\">Prof. Me. Bernardo Melo Neto<\/a><br><a href=\"http:\/\/lattes.cnpq.br\/7261012730966776\" target=\"_blank\" rel=\"noreferrer noopener\">Profa. Dra. Luanne Mara Rodrigues de Matos<\/a><br><a href=\"http:\/\/lattes.cnpq.br\/8227347815366039\" target=\"_blank\" rel=\"noreferrer noopener\">Prof. Me. Rhubens Ewald Moura Ribeiro<\/a><br><a href=\"http:\/\/lattes.cnpq.br\/4728005500626177\" target=\"_blank\" rel=\"noreferrer noopener\">Prof. Me. Jhon Kennedy Teixeira Lisbino<\/a><br><a href=\"https:\/\/lattes.cnpq.br\/2870154827223243\" target=\"_blank\" rel=\"noreferrer noopener\">Profa. Ma. Lorena Moura Santana<\/a><br><br><strong>CONSELHO CIENT\u00cdFICO<\/strong><br><a href=\"http:\/\/lattes.cnpq.br\/6436549896719847\" target=\"_blank\" rel=\"noreferrer noopener\">Prof. Dr. Viriato Campelo<\/a> &#8211; Universidade Federal do Piau\u00ed (UFPI)<br><a href=\"https:\/\/buscatextual.cnpq.br\/buscatextual\/visualizacv.do?id=K4756614H3&amp;tokenCaptchar=03AFY_a8XfXvOvQWTRp4JStCdpGon8haZy-HiYf4kNJwKopuuyc2Q__-P7JK6jFnngQUlbLzYU1Y15xRQzJSiaULSQiNCL19Vwb46mS8sYoOtxjdvTEm5SSGH5Y1Er1V5Ckgl-hatd9TuUV6F2DgDstSa11oVG4fmu9jri1Qf29v83KdJy5BcpYvW3zWXJSsvrDZophMY15i9-hsR4JsEniKEQZW8PjeXRqArXdls9YNtYqJjMXHsiY3kRiAWMzzmfyFUWtJQMAtZHQL2MpfIXQLsLheV0cQ4EeOCxIi25PqMecV9KDU31q8S2nBx990gXdjRuqq9JfLJ1c_WJBRIYASvIINDO880ZK1z4uiUclN6hFqbcol9t8CH8Dva2GneKEK_nzKOvnQH6PuKfodEcKQ4rZKBkcdENClq_nrO6zWa5m6FnfAJzPYaExa0BJI6q7t_7NAup92ws721ZJrTUJwut-o5MhXvMEMaaUOn_JOU5DbOyfTWKt00D60MzDhNUei8On9cMpjJuFImE3EWgDGOfN_BFOcFDlg\" target=\"_blank\" rel=\"noreferrer noopener\">Profa. Dra. Ana Paula da Rosa <\/a>&#8211; Universidade do Vale do Rio dos Sinos (Brasil) <br><a href=\"http:\/\/lattes.cnpq.br\/1540269108470331\" target=\"_blank\" rel=\"noreferrer noopener\">Profa. Dra. Ana Merc\u00eas Bahia Bock<\/a> &#8211; Pontif\u00edcia Universidade Cat\u00f3lica de S\u00e3o Paulo (Brasil)<br><a href=\"http:\/\/lattes.cnpq.br\/2166615059295438\" target=\"_blank\" rel=\"noreferrer noopener\">Profa. Dra. Ana Paula da Rosa<\/a> &#8211; Universidade do Vale do Rio dos Sinos &#8211; UNISINOS (Brasil)<br><a href=\"http:\/\/buscatextual.cnpq.br\/buscatextual\/visualizacv.do?metodo=apresentar&amp;id=K4791678A6\">Prof. Dr. <\/a><a href=\"http:\/\/buscatextual.cnpq.br\/buscatextual\/visualizacv.do?metodo=apresentar&amp;id=K4791678A6\" target=\"_blank\" rel=\"noreferrer noopener\">Ant\u00f4nio Teixeira de Barros<\/a> &#8211; Inst. Nacional de Ci\u00eancia e Tecnologia em Democracia Digital (Brasil)<br><a href=\"https:\/\/sociocav.usal.es\/web\/miembros\/comunicacion-y-publicidad\/gutierrez-san-miguel\/\" target=\"_blank\" rel=\"noreferrer noopener\">Profa. Dra. \u202aBego\u00f1a Guti\u00e9rrez San Miguel<\/a> &#8211; Universidad de Salamanca (Espanha)<br><a href=\"https:\/\/www.fcsh.unl.pt\/faculdade\/docentes\/bcf\/\" target=\"_blank\" rel=\"noreferrer noopener\">Profa. Dra. Carla Baptista <\/a>&#8211; Universidade Nova de Lisboa (Portugal)<br><a href=\"http:\/\/lattes.cnpq.br\/6962057467940007\" target=\"_blank\" rel=\"noreferrer noopener\">Profa. Dra. C\u00e1ssia Maria Carloto<\/a> &#8211; Universidade Estadual de Londrina (Brasil)<br><a href=\"http:\/\/lattes.cnpq.br\/0537823822525075\" target=\"_blank\" rel=\"noreferrer noopener\">Prof. Dr. Daniel Dias Rufino Arcanjo<\/a> &#8211; Universidade Federal do Piau\u00ed (Brasil)<br><a href=\"https:\/\/orcid.org\/0000-0002-8226-7504\" target=\"_blank\" rel=\"noreferrer noopener\">Profa. Dra. Estrella Montes L\u00f3pez<\/a> &#8211; Universidad de Salamanca (Espanha)<br><a href=\"https:\/\/scholar.google.com\/citations?user=4UtIoQoAAAAJ&amp;hl=es\" target=\"_blank\" rel=\"noreferrer noopener\">Prof. Dr. Flavio Francini<\/a> &#8211; Universidad Nacional de La Plata (Argentina)<br><a href=\"https:\/\/buscatextual.cnpq.br\/buscatextual\/visualizacv.do?id=K4768255E5&amp;tokenCaptchar=03AFY_a8VUCQRrMsRsX44nwNSbCQd97gLAE7Tsop8upAh5W9k5InpsCHW0FLizqlExlCh81EXIHUy1KB8DTuK0tYvKjim9SXkRYEZUtFFfTra9rYG-uTxNChTPXZoveg0D2SZ539cxCKuTanYrqn1iIHgE9jx0_klv0neIKP_DyXiENsXy_aSptcW8zKUrX9qsBEMoC8KNyEbltLgn-zrOF6A7mH7hlhe2ktuwhrB4lfbGj2LG5-YgVbWRAeeqrcKjCys2BnAkV7XD6Ess2f_wAutbj_4ts9W1X4mZr5WvBSkawndUVHq4rHQCiiKBDR0X20p6TsubumyKagFWvE-KAsRjuNSdbJnFNuvH5p6Cj-_WfZtmIIc6mGkKX9tESPja21w0LHPaaRAzq9LbrbOORPksXpVSX_qHqsjDso5kp6Q8EdHMa8fKk2jmMB_6QJHlgf3WFT-0tpUbLkjcsYbE7BgqdrdelJ8J5fOFMmOpUxRqQIMvUtpPcbW8SEHxHEHVMzfywGT6ox8vCgGI-3iPpFI5YIpB_2g13A\" target=\"_blank\" rel=\"noreferrer noopener\">Prof. Dr. Francis Musa Boakari<\/a> &#8211; Universidade Federal do Piau\u00ed (Brasil)<br><a href=\"https:\/\/orcid.org\/0000-0002-1362-7406\" target=\"_blank\" rel=\"noreferrer noopener\">Prof. Dr. Francisco Javier Herrero Gutierr\u00e9z<\/a> &#8211; Universidad de Salamanca (Espanha)<br><a href=\"https:\/\/www.ua.pt\/pt\/cllc\/page\/24723\" target=\"_blank\" rel=\"noreferrer noopener\">Prof. Dr. Francisco Jos\u00e9 Fidalgo Enr\u00edquez <\/a>&#8211; Universidade da Beira Interior (Portugal)<br><a href=\"https:\/\/novaresearch.unl.pt\/en\/persons\/francisco-rui-c%C3%A1dima\" target=\"_blank\" rel=\"noreferrer noopener\">Prof. Dr. Francisco Rui C\u00e1dima<\/a> &#8211; Universidade Nova de Lisboa (Portugal)<br><a href=\"http:\/\/lattes.cnpq.br\/8228129823801639\" target=\"_blank\" rel=\"noreferrer noopener\">Prof. Dr. Francisco Assump\u00e7\u00e3o J\u00fanior<\/a> &#8211; Pontif\u00edcia Universidade Cat\u00f3lica de S\u00e3o Paulo &#8211; PUC SP (Brasil)<br><a href=\"http:\/\/lattes.cnpq.br\/8595766452722585\" target=\"_blank\" rel=\"noreferrer noopener\">Prof. Dr. Francis Musa Boakari<\/a> &#8211; Universidade Federal do Piau\u00ed &#8211; UFPI (Brasil)<br><a href=\"http:\/\/orcid.org\/0000-0002-1520-0799\" target=\"_blank\" rel=\"noreferrer noopener\">Prof. Dr. Jaime Pedro Oliveira da Silva<\/a> &#8211; Universidade do Minho (Portugal)<br><a href=\"https:\/\/investigacion.uva.es\/CawDOS\/\/jsf\/seleccionActividades\/seleccionActividades.jsf?id=973e7415f3798412&amp;idioma=es&amp;tipo=activ,&amp;elmeucv=N\" target=\"_blank\" rel=\"noreferrer noopener\">Prof. Dr. Jes\u00fas Galindo Melero<\/a> &#8211; Universidad de Valladolid (Espanha)<br><a href=\"https:\/\/investigacion.uva.es\/CawDOS\/\/jsf\/seleccionActividades\/seleccionActividades.jsf?id=141fb1b21a5fdb59&amp;idioma=es&amp;tipo=activ,&amp;elmeucv=N\" target=\"_blank\" rel=\"noreferrer noopener\">Prof. Dr. Jos\u00e9 David Pujante S\u00e1nchez <\/a>&#8211; Universidad de Valladolid (Espanha)<br><a href=\"https:\/\/orcid.org\/0000-0002-0229-1118\" target=\"_blank\" rel=\"noreferrer noopener\">Prof. Dr. Jos\u00e9 Ignacio Aguaded Gomez<\/a> &#8211; Universidad de Huelva (Espanha)<br><a href=\"http:\/\/lattes.cnpq.br\/6723681328867269\" target=\"_blank\" rel=\"noreferrer noopener\">Prof. Dr. Jo\u00e3o Dam\u00e1sio da Silva Neto <\/a>&#8211; Universidade Federal de Uberl\u00e2ndia (Brasil)<br><a href=\"https:\/\/scholar.google.com.ar\/citations?user=XKaYwvgAAAAJ&amp;hl=es\" target=\"_blank\" rel=\"noreferrer noopener\">Prof. Dr. Juan \u00c1ngel Basualdo Farjat<\/a> &#8211; Universidad Nacional de La Plata (Argentina)<br><a href=\"https:\/\/wwwufp.academia.edu\/JuditeGon%C3%A7alvesdeFreitas\/CurriculumVitae\" target=\"_blank\" rel=\"noreferrer noopener\">Profa. Dra. Judite Gon\u00e7alves de Freitas<\/a> &#8211; Universidade Fernando Pessoa (Portugal)<br><a href=\"http:\/\/lattes.cnpq.br\/1037446134367816\">Profa. Dra. Junia Motta Antonaccio Napole\u00e3o do Rego<\/a> &#8211; Universidade Federal do Piau\u00ed &#8211; UFPI (Brasil)<br><a href=\"https:\/\/sigeva-scp.unc.edu.ar\/detalle.php?datos_academicos=yes&amp;cuil=23257173119\" target=\"_blank\" rel=\"noreferrer noopener\">Prof. Dr. Hector Martin Stassi<\/a> &#8211; Universidad Nacional de C\u00f3rdoba (Argentina)<br><a href=\"https:\/\/www.cics.nova.fcsh.unl.pt\/people\/integrated-researchers\/helena-serra\" target=\"_blank\" rel=\"noreferrer noopener\">Profa. Dra. Helena Serra <\/a>&#8211; Universidade Nova de Lisboa (Portugal)<br><a href=\"https:\/\/scholar.google.com.br\/citations?user=wg9oXTkAAAAJ&amp;hl=pt-PT\">Profa. Dra. Laurita dos Santos<\/a> &#8211; Universidade Brasil (Brasil)<br><a href=\"https:\/\/scholar.google.com\/citations?user=XyCFBs0AAAAJ\" target=\"_blank\" rel=\"noreferrer noopener\">Prof. Dr. Luis Venegas Ramos<\/a> &#8211; Universidade Miguel de Cervantes (Chile)<br>Profa. Dra. M\u00e1rcia Borges Saldanha &#8211; Universidade de Lisboa (Portugal)<br><a href=\"http:\/\/chrome-extension:\/\/efaidnbmnnnibpcajpcglclefindmkaj\/https:\/\/www.eco.unc.edu.ar\/files\/iadministracion\/Maria%20Beatriz%20Ricci%2012%202011.pdf\" target=\"_blank\" rel=\"noreferrer noopener\">Profa. Dra. Maria Beatriz Ricci<\/a> &#8211; Universidad Nacional de C\u00f3rdoba (Argentina)<br><a href=\"https:\/\/sitios.itesm.mx\/ehe\/facultad\/megonzalez.htm\" target=\"_blank\" rel=\"noreferrer noopener\">Profa. Dra. Maria Eugenia Gonz\u00e1lez Alafita<\/a> &#8211; Instituto Tecnol\u00f3gico de Monterrey (M\u00e9xico)<br><a href=\"https:\/\/orcid.org\/0000-0001-5167-0272\" target=\"_blank\" rel=\"noreferrer noopener\">Profa. Dra. Mar\u00eda Izabel Rodriguez Fidalgo<\/a> &#8211; Universidad de Salamanca (Espanha)<br><a href=\"https:\/\/orcid.org\/0000-0001-9402-3438\" target=\"_blank\" rel=\"noreferrer noopener\">Profa. Dra. Maria Paula Lehner<\/a> \u2013 Universidad de Buenos Aires (Argentina)<br><a href=\"https:\/\/kellogg.nd.edu\/people\/maria-valeria-palanza\" target=\"_blank\" rel=\"noreferrer noopener\">Profa. Dra. Maria Valeria Palanza<\/a> &#8211; Pontif\u00edcia Universidad Cat\u00f3lica de Chile (Chile)<br><a href=\"https:\/\/scholar.google.com.ar\/citations?user=CybC2swAAAAJ&amp;hl=es\" target=\"_blank\" rel=\"noreferrer noopener\">Prof. Dra. Mar\u00eda Virginia Croce <\/a>&#8211; Universidad Nacional de La Plata (Argentina)<br><a href=\"http:\/\/lattes.cnpq.br\/1526806853476807\" target=\"_blank\" rel=\"noreferrer noopener\">Profa. Dra. Monique Culturato Padilha Mendon\u00e7a<\/a> &#8211; University College Cork (Irlanda)<br><a href=\"https:\/\/www.escavador.com\/sobre\/4570843\/neli-teresinha-galarce-machado\" target=\"_blank\" rel=\"noreferrer noopener\">Profa. Dra. Neli Teresinha Galarce<\/a> &#8211; Universidade de S\u00e3o Paulo (Brasil)<br><a href=\"https:\/\/www.ua.pt\/pt\/p\/80487462\" target=\"_blank\" rel=\"noreferrer noopener\">Profa. Dra. Noem\u00ed P\u00e9rez P\u00e9rez <\/a>&#8211; Universidade da Beira Interior (Portugal)<br><a href=\"http:\/\/lattes.cnpq.br\/5097841227417483\" target=\"_blank\" rel=\"noreferrer noopener\">Profa. Dra. Sibele Dias de Aquino <\/a><a href=\"http:\/\/lattes.cnpq.br\/5097841227417483\">&#8211; <\/a>Pontif\u00edcia Universidade Cat\u00f3lica do Rio de Janeiro (Brasil) <br><a href=\"https:\/\/cu.linkedin.com\/in\/osvaldo-balmaseda-neyra-94133141\" target=\"_blank\" rel=\"noreferrer noopener\">Prof. Dr. Osvaldo Nilo Balmaseda Neyra <\/a>&#8211; Universidad de Havana (Cuba)<br><a href=\"https:\/\/orcid.org\/0000-0002-4643-8716\" target=\"_blank\" rel=\"noreferrer noopener\">Prof. Dr. Paulo Cardoso <\/a>&#8211; Universidade Fernando Pessoa \/ Universidade Lus\u00edada do Porto (Portugal)<br><a href=\"https:\/\/www.cienciavitae.pt\/251B-81E7-394B\" target=\"_blank\" rel=\"noreferrer noopener\">Prof. Dr. Tom\u00e1s Augusto Barros Ramos<\/a> &#8211; Universidade Nova de Lisboa (Portugal)<br><a href=\"http:\/\/www.cienciapolitica.uc.cl\/profesores\/planta-academica\/rodrigo-mardones\" target=\"_blank\" rel=\"noreferrer noopener\">Prof. Dr. Rodrigo Mardones<\/a> &#8211; Pontif\u00edcia Universidad Cat\u00f3lica de Chile (Chile) <br><a data-type=\"URL\" data-id=\"http:\/\/lattes.cnpq.br\/4190147129451754\" href=\"http:\/\/lattes.cnpq.br\/4190147129451754\" target=\"_blank\" rel=\"noreferrer noopener\">Profa. Dra. Sally Cristina Moutinho Monteiro<\/a> &#8211; Universidade Federal do Maranh\u00e3o &#8211; UFMA (Brasil)<br><a data-type=\"URL\" data-id=\"http:\/\/lattes.cnpq.br\/8438810880127194\" href=\"http:\/\/lattes.cnpq.br\/8438810880127194\" target=\"_blank\" rel=\"noreferrer noopener\">Profa. Dra. Solange Maria Teixeira<\/a> &#8211; Universidade Federal do Piau\u00ed &#8211; UFPI (Brasil)<br><\/p>\n","protected":false},"excerpt":{"rendered":"<p>COORDENA\u00c7\u00c3OProfa. Dra. Izabel Herika Gomes Matias CronembergerProfa. Ma. Ana Kelma Cunha GallasProf. Dr. Alisson Dias Gomes MEMBROS Profa. Dra. Liana Dantas da Costa e Silva BarbosaProfa. Dra. Taiane Ritta CoelhoProfa. Dra. Willyane de Andrade AlvarengaProf. Dr. Farley Simon Mendes NobreProfa. Dra. Ros\u00e1lia Maria Carvalho Mour\u00e3oProfa. Dra. Raquel Vilanova Ara\u00fajoProfa. Dra. Daniele Rodrigues Carvalho CaldasProfa. Dra. [&hellip;]<\/p>\n","protected":false},"author":1,"featured_media":0,"parent":0,"menu_order":0,"comment_status":"closed","ping_status":"closed","template":"","meta":{"footnotes":""},"class_list":["post-138","page","type-page","status-publish","hentry"],"acf":[],"yoast_head":"<!-- This site is optimized with the Yoast SEO plugin v24.3 - https:\/\/yoast.com\/wordpress\/plugins\/seo\/ -->\n<title>Comiss\u00e3o Cient\u00edfica - 1\u00ba CICS | Edi\u00e7\u00e3o 2023<\/title>\n<meta name=\"robots\" content=\"index, follow, max-snippet:-1, max-image-preview:large, max-video-preview:-1\" \/>\n<link rel=\"canonical\" href=\"https:\/\/unifsa.com.br\/cics2023\/comissao-cientifica\/\" \/>\n<meta property=\"og:locale\" content=\"pt_BR\" \/>\n<meta property=\"og:type\" content=\"article\" \/>\n<meta property=\"og:title\" content=\"Comiss\u00e3o Cient\u00edfica - 1\u00ba CICS | Edi\u00e7\u00e3o 2023\" \/>\n<meta property=\"og:description\" content=\"COORDENA\u00c7\u00c3OProfa. Dra. Izabel Herika Gomes Matias CronembergerProfa. Ma. Ana Kelma Cunha GallasProf. Dr. Alisson Dias Gomes MEMBROS Profa. Dra. Liana Dantas da Costa e Silva BarbosaProfa. Dra. Taiane Ritta CoelhoProfa. Dra. Willyane de Andrade AlvarengaProf. Dr. Farley Simon Mendes NobreProfa. Dra. Ros\u00e1lia Maria Carvalho Mour\u00e3oProfa. Dra. Raquel Vilanova Ara\u00fajoProfa. Dra. Daniele Rodrigues Carvalho CaldasProfa. Dra. [&hellip;]\" \/>\n<meta property=\"og:url\" content=\"https:\/\/unifsa.com.br\/cics2023\/comissao-cientifica\/\" \/>\n<meta property=\"og:site_name\" content=\"1\u00ba CICS | Edi\u00e7\u00e3o 2023\" \/>\n<meta property=\"article:publisher\" content=\"https:\/\/unifsa.com.br\/cics2023\/a-conferencia\/\" \/>\n<meta property=\"article:modified_time\" content=\"2025-06-20T14:14:55+00:00\" \/>\n<meta property=\"og:image\" content=\"https:\/\/unifsa.com.br\/cics2023\/wp-content\/uploads\/2023\/01\/logomarca-cics.fw_.png\" \/>\n\t<meta property=\"og:image:width\" content=\"678\" \/>\n\t<meta property=\"og:image:height\" content=\"418\" \/>\n\t<meta property=\"og:image:type\" content=\"image\/png\" \/>\n<meta name=\"twitter:card\" content=\"summary_large_image\" \/>\n<meta name=\"twitter:label1\" content=\"Est. tempo de leitura\" \/>\n\t<meta name=\"twitter:data1\" content=\"4 minutos\" \/>\n<script type=\"application\/ld+json\" class=\"yoast-schema-graph\">{\"@context\":\"https:\/\/schema.org\",\"@graph\":[{\"@type\":\"WebPage\",\"@id\":\"https:\/\/unifsa.com.br\/cics2023\/comissao-cientifica\/\",\"url\":\"https:\/\/unifsa.com.br\/cics2023\/comissao-cientifica\/\",\"name\":\"Comiss\u00e3o Cient\u00edfica - 1\u00ba CICS | Edi\u00e7\u00e3o 2023\",\"isPartOf\":{\"@id\":\"https:\/\/unifsa.com.br\/cics2023\/#website\"},\"datePublished\":\"2021-02-18T13:27:53+00:00\",\"dateModified\":\"2025-06-20T14:14:55+00:00\",\"breadcrumb\":{\"@id\":\"https:\/\/unifsa.com.br\/cics2023\/comissao-cientifica\/#breadcrumb\"},\"inLanguage\":\"pt-BR\",\"potentialAction\":[{\"@type\":\"ReadAction\",\"target\":[\"https:\/\/unifsa.com.br\/cics2023\/comissao-cientifica\/\"]}]},{\"@type\":\"BreadcrumbList\",\"@id\":\"https:\/\/unifsa.com.br\/cics2023\/comissao-cientifica\/#breadcrumb\",\"itemListElement\":[{\"@type\":\"ListItem\",\"position\":1,\"name\":\"In\u00edcio\",\"item\":\"https:\/\/unifsa.com.br\/cics2023\/\"},{\"@type\":\"ListItem\",\"position\":2,\"name\":\"Comiss\u00e3o Cient\u00edfica\"}]},{\"@type\":\"WebSite\",\"@id\":\"https:\/\/unifsa.com.br\/cics2023\/#website\",\"url\":\"https:\/\/unifsa.com.br\/cics2023\/\",\"name\":\"1\u00ba CICS | Edi\u00e7\u00e3o 2023\",\"description\":\"Congresso Internaconal Ci\u00eancia e Sociedade\",\"publisher\":{\"@id\":\"https:\/\/unifsa.com.br\/cics2023\/#organization\"},\"alternateName\":\"Congresso Internacional Ci\u00eancia e Sociedade (CICS)\",\"potentialAction\":[{\"@type\":\"SearchAction\",\"target\":{\"@type\":\"EntryPoint\",\"urlTemplate\":\"https:\/\/unifsa.com.br\/cics2023\/?s={search_term_string}\"},\"query-input\":{\"@type\":\"PropertyValueSpecification\",\"valueRequired\":true,\"valueName\":\"search_term_string\"}}],\"inLanguage\":\"pt-BR\"},{\"@type\":\"Organization\",\"@id\":\"https:\/\/unifsa.com.br\/cics2023\/#organization\",\"name\":\"Centro Universit\u00e1rio Santo Agostinho\",\"alternateName\":\"UNIFSA\",\"url\":\"https:\/\/unifsa.com.br\/cics2023\/\",\"logo\":{\"@type\":\"ImageObject\",\"inLanguage\":\"pt-BR\",\"@id\":\"https:\/\/unifsa.com.br\/cics2023\/#\/schema\/logo\/image\/\",\"url\":\"https:\/\/unifsa.com.br\/cics2023\/wp-content\/uploads\/2023\/01\/cisc-logo-login.fw_.png\",\"contentUrl\":\"https:\/\/unifsa.com.br\/cics2023\/wp-content\/uploads\/2023\/01\/cisc-logo-login.fw_.png\",\"width\":350,\"height\":216,\"caption\":\"Centro Universit\u00e1rio Santo Agostinho\"},\"image\":{\"@id\":\"https:\/\/unifsa.com.br\/cics2023\/#\/schema\/logo\/image\/\"},\"sameAs\":[\"https:\/\/unifsa.com.br\/cics2023\/a-conferencia\/\"]}]}<\/script>\n<!-- \/ Yoast SEO plugin. -->","yoast_head_json":{"title":"Comiss\u00e3o Cient\u00edfica - 1\u00ba CICS | Edi\u00e7\u00e3o 2023","robots":{"index":"index","follow":"follow","max-snippet":"max-snippet:-1","max-image-preview":"max-image-preview:large","max-video-preview":"max-video-preview:-1"},"canonical":"https:\/\/unifsa.com.br\/cics2023\/comissao-cientifica\/","og_locale":"pt_BR","og_type":"article","og_title":"Comiss\u00e3o Cient\u00edfica - 1\u00ba CICS | Edi\u00e7\u00e3o 2023","og_description":"COORDENA\u00c7\u00c3OProfa. Dra. Izabel Herika Gomes Matias CronembergerProfa. Ma. Ana Kelma Cunha GallasProf. Dr. Alisson Dias Gomes MEMBROS Profa. Dra. Liana Dantas da Costa e Silva BarbosaProfa. Dra. Taiane Ritta CoelhoProfa. Dra. Willyane de Andrade AlvarengaProf. Dr. Farley Simon Mendes NobreProfa. Dra. Ros\u00e1lia Maria Carvalho Mour\u00e3oProfa. Dra. Raquel Vilanova Ara\u00fajoProfa. Dra. Daniele Rodrigues Carvalho CaldasProfa. Dra. [&hellip;]","og_url":"https:\/\/unifsa.com.br\/cics2023\/comissao-cientifica\/","og_site_name":"1\u00ba CICS | Edi\u00e7\u00e3o 2023","article_publisher":"https:\/\/unifsa.com.br\/cics2023\/a-conferencia\/","article_modified_time":"2025-06-20T14:14:55+00:00","og_image":[{"width":678,"height":418,"url":"https:\/\/unifsa.com.br\/cics2023\/wp-content\/uploads\/2023\/01\/logomarca-cics.fw_.png","type":"image\/png"}],"twitter_card":"summary_large_image","twitter_misc":{"Est. tempo de leitura":"4 minutos"},"schema":{"@context":"https:\/\/schema.org","@graph":[{"@type":"WebPage","@id":"https:\/\/unifsa.com.br\/cics2023\/comissao-cientifica\/","url":"https:\/\/unifsa.com.br\/cics2023\/comissao-cientifica\/","name":"Comiss\u00e3o Cient\u00edfica - 1\u00ba CICS | Edi\u00e7\u00e3o 2023","isPartOf":{"@id":"https:\/\/unifsa.com.br\/cics2023\/#website"},"datePublished":"2021-02-18T13:27:53+00:00","dateModified":"2025-06-20T14:14:55+00:00","breadcrumb":{"@id":"https:\/\/unifsa.com.br\/cics2023\/comissao-cientifica\/#breadcrumb"},"inLanguage":"pt-BR","potentialAction":[{"@type":"ReadAction","target":["https:\/\/unifsa.com.br\/cics2023\/comissao-cientifica\/"]}]},{"@type":"BreadcrumbList","@id":"https:\/\/unifsa.com.br\/cics2023\/comissao-cientifica\/#breadcrumb","itemListElement":[{"@type":"ListItem","position":1,"name":"In\u00edcio","item":"https:\/\/unifsa.com.br\/cics2023\/"},{"@type":"ListItem","position":2,"name":"Comiss\u00e3o Cient\u00edfica"}]},{"@type":"WebSite","@id":"https:\/\/unifsa.com.br\/cics2023\/#website","url":"https:\/\/unifsa.com.br\/cics2023\/","name":"1\u00ba CICS | Edi\u00e7\u00e3o 2023","description":"Congresso Internaconal Ci\u00eancia e Sociedade","publisher":{"@id":"https:\/\/unifsa.com.br\/cics2023\/#organization"},"alternateName":"Congresso Internacional Ci\u00eancia e Sociedade (CICS)","potentialAction":[{"@type":"SearchAction","target":{"@type":"EntryPoint","urlTemplate":"https:\/\/unifsa.com.br\/cics2023\/?s={search_term_string}"},"query-input":{"@type":"PropertyValueSpecification","valueRequired":true,"valueName":"search_term_string"}}],"inLanguage":"pt-BR"},{"@type":"Organization","@id":"https:\/\/unifsa.com.br\/cics2023\/#organization","name":"Centro Universit\u00e1rio Santo Agostinho","alternateName":"UNIFSA","url":"https:\/\/unifsa.com.br\/cics2023\/","logo":{"@type":"ImageObject","inLanguage":"pt-BR","@id":"https:\/\/unifsa.com.br\/cics2023\/#\/schema\/logo\/image\/","url":"https:\/\/unifsa.com.br\/cics2023\/wp-content\/uploads\/2023\/01\/cisc-logo-login.fw_.png","contentUrl":"https:\/\/unifsa.com.br\/cics2023\/wp-content\/uploads\/2023\/01\/cisc-logo-login.fw_.png","width":350,"height":216,"caption":"Centro Universit\u00e1rio Santo Agostinho"},"image":{"@id":"https:\/\/unifsa.com.br\/cics2023\/#\/schema\/logo\/image\/"},"sameAs":["https:\/\/unifsa.com.br\/cics2023\/a-conferencia\/"]}]}},"_links":{"self":[{"href":"https:\/\/unifsa.com.br\/cics2023\/wp-json\/wp\/v2\/pages\/138","targetHints":{"allow":["GET"]}}],"collection":[{"href":"https:\/\/unifsa.com.br\/cics2023\/wp-json\/wp\/v2\/pages"}],"about":[{"href":"https:\/\/unifsa.com.br\/cics2023\/wp-json\/wp\/v2\/types\/page"}],"author":[{"embeddable":true,"href":"https:\/\/unifsa.com.br\/cics2023\/wp-json\/wp\/v2\/users\/1"}],"replies":[{"embeddable":true,"href":"https:\/\/unifsa.com.br\/cics2023\/wp-json\/wp\/v2\/comments?post=138"}],"version-history":[{"count":64,"href":"https:\/\/unifsa.com.br\/cics2023\/wp-json\/wp\/v2\/pages\/138\/revisions"}],"predecessor-version":[{"id":2435,"href":"https:\/\/unifsa.com.br\/cics2023\/wp-json\/wp\/v2\/pages\/138\/revisions\/2435"}],"wp:attachment":[{"href":"https:\/\/unifsa.com.br\/cics2023\/wp-json\/wp\/v2\/media?parent=138"}],"curies":[{"name":"wp","href":"https:\/\/api.w.org\/{rel}","templated":true}]}}