{"id":1310,"date":"2023-02-03T19:30:09","date_gmt":"2023-02-03T22:30:09","guid":{"rendered":"https:\/\/unifsa.com.br\/cics2023\/comissao-de-monitoria-copy\/"},"modified":"2023-10-30T15:36:49","modified_gmt":"2023-10-30T18:36:49","slug":"comissao-de-infraestrutura-e-logistica","status":"publish","type":"page","link":"https:\/\/unifsa.com.br\/cics2023\/comissao-de-infraestrutura-e-logistica\/","title":{"rendered":"Comiss\u00e3o de Infraestrutura e Log\u00edstica"},"content":{"rendered":"\n<p><strong>COORDENA\u00c7\u00c3O<\/strong><br>Ma. Indira Maria de Melo Lira Pereira da Silva<br><br><strong>MEMBROS<\/strong><br>Ma. M\u00f4nica Fialho Alcantara<br>Esp. S\u00f4nia Maria Pedroso<br>Profa. Dra. Eldelita Aguida Porf\u00edrio Franco<br>Esp. Polyana Fabiene Rodrigues de Sousa Alc\u00e2ntara<br>Esp. Raimunda Gomes<br>Esp. Eulene Moura<br>Esp. M\u00e1rio Melo Lima<br>Esp. Indira Gandhi Furtado Campos<br>Marcelino Melo<br>Bela. Mariana do Nascimento Lopes<br>Larissa Rodrigues da Silva<br>Leonara Cunha da Silva<br>Lana Gilmara de Sousa<br>Bela. Karolina Lira dos Santos<br>Kelma Lima dos Reis Oliveira<br>Luciana Fernandes Lima <br>Maria de Sousa Melo Santos<br>Carla Fabiane de Souza <br>Bel. Tulio Rennan Alves de Sousa<br>Bela. Naiana Raquel Moises Cesar Silva<br>Bel. Rogel Andrade Cunha<br>Maria Geovanna da Silva Santos Oliveira<\/p>\n\n\n\n<p><br><\/p>\n\n\n\n<p><br><\/p>\n","protected":false},"excerpt":{"rendered":"<p>COORDENA\u00c7\u00c3OMa. Indira Maria de Melo Lira Pereira da Silva MEMBROSMa. M\u00f4nica Fialho AlcantaraEsp. S\u00f4nia Maria PedrosoProfa. Dra. Eldelita Aguida Porf\u00edrio FrancoEsp. Polyana Fabiene Rodrigues de Sousa Alc\u00e2ntaraEsp. Raimunda GomesEsp. Eulene MouraEsp. M\u00e1rio Melo LimaEsp. Indira Gandhi Furtado CamposMarcelino MeloBela. Mariana do Nascimento LopesLarissa Rodrigues da SilvaLeonara Cunha da SilvaLana Gilmara de SousaBela. Karolina Lira dos [&hellip;]<\/p>\n","protected":false},"author":1,"featured_media":0,"parent":0,"menu_order":0,"comment_status":"closed","ping_status":"closed","template":"","meta":{"footnotes":""},"class_list":["post-1310","page","type-page","status-publish","hentry"],"acf":[],"yoast_head":"<!-- This site is optimized with the Yoast SEO plugin v24.3 - https:\/\/yoast.com\/wordpress\/plugins\/seo\/ -->\n<title>Comiss\u00e3o de Infraestrutura e Log\u00edstica - 1\u00ba CICS | Edi\u00e7\u00e3o 2023<\/title>\n<meta name=\"robots\" content=\"index, follow, max-snippet:-1, max-image-preview:large, max-video-preview:-1\" \/>\n<link rel=\"canonical\" href=\"https:\/\/unifsa.com.br\/cics2023\/comissao-de-infraestrutura-e-logistica\/\" \/>\n<meta property=\"og:locale\" content=\"pt_BR\" \/>\n<meta property=\"og:type\" content=\"article\" \/>\n<meta property=\"og:title\" content=\"Comiss\u00e3o de Infraestrutura e Log\u00edstica - 1\u00ba CICS | Edi\u00e7\u00e3o 2023\" \/>\n<meta property=\"og:description\" content=\"COORDENA\u00c7\u00c3OMa. Indira Maria de Melo Lira Pereira da Silva MEMBROSMa. M\u00f4nica Fialho AlcantaraEsp. S\u00f4nia Maria PedrosoProfa. Dra. Eldelita Aguida Porf\u00edrio FrancoEsp. Polyana Fabiene Rodrigues de Sousa Alc\u00e2ntaraEsp. Raimunda GomesEsp. Eulene MouraEsp. M\u00e1rio Melo LimaEsp. Indira Gandhi Furtado CamposMarcelino MeloBela. Mariana do Nascimento LopesLarissa Rodrigues da SilvaLeonara Cunha da SilvaLana Gilmara de SousaBela. Karolina Lira dos [&hellip;]\" \/>\n<meta property=\"og:url\" content=\"https:\/\/unifsa.com.br\/cics2023\/comissao-de-infraestrutura-e-logistica\/\" \/>\n<meta property=\"og:site_name\" content=\"1\u00ba CICS | Edi\u00e7\u00e3o 2023\" \/>\n<meta property=\"article:publisher\" content=\"https:\/\/unifsa.com.br\/cics2023\/a-conferencia\/\" \/>\n<meta property=\"article:modified_time\" content=\"2023-10-30T18:36:49+00:00\" \/>\n<meta property=\"og:image\" content=\"https:\/\/unifsa.com.br\/cics2023\/wp-content\/uploads\/2023\/01\/logomarca-cics.fw_.png\" \/>\n\t<meta property=\"og:image:width\" content=\"678\" \/>\n\t<meta property=\"og:image:height\" content=\"418\" \/>\n\t<meta property=\"og:image:type\" content=\"image\/png\" \/>\n<meta name=\"twitter:card\" content=\"summary_large_image\" \/>\n<meta name=\"twitter:label1\" content=\"Est. tempo de leitura\" \/>\n\t<meta name=\"twitter:data1\" content=\"1 minuto\" \/>\n<script type=\"application\/ld+json\" class=\"yoast-schema-graph\">{\"@context\":\"https:\/\/schema.org\",\"@graph\":[{\"@type\":\"WebPage\",\"@id\":\"https:\/\/unifsa.com.br\/cics2023\/comissao-de-infraestrutura-e-logistica\/\",\"url\":\"https:\/\/unifsa.com.br\/cics2023\/comissao-de-infraestrutura-e-logistica\/\",\"name\":\"Comiss\u00e3o de Infraestrutura e Log\u00edstica - 1\u00ba CICS | Edi\u00e7\u00e3o 2023\",\"isPartOf\":{\"@id\":\"https:\/\/unifsa.com.br\/cics2023\/#website\"},\"datePublished\":\"2023-02-03T22:30:09+00:00\",\"dateModified\":\"2023-10-30T18:36:49+00:00\",\"breadcrumb\":{\"@id\":\"https:\/\/unifsa.com.br\/cics2023\/comissao-de-infraestrutura-e-logistica\/#breadcrumb\"},\"inLanguage\":\"pt-BR\",\"potentialAction\":[{\"@type\":\"ReadAction\",\"target\":[\"https:\/\/unifsa.com.br\/cics2023\/comissao-de-infraestrutura-e-logistica\/\"]}]},{\"@type\":\"BreadcrumbList\",\"@id\":\"https:\/\/unifsa.com.br\/cics2023\/comissao-de-infraestrutura-e-logistica\/#breadcrumb\",\"itemListElement\":[{\"@type\":\"ListItem\",\"position\":1,\"name\":\"In\u00edcio\",\"item\":\"https:\/\/unifsa.com.br\/cics2023\/\"},{\"@type\":\"ListItem\",\"position\":2,\"name\":\"Comiss\u00e3o de Infraestrutura e Log\u00edstica\"}]},{\"@type\":\"WebSite\",\"@id\":\"https:\/\/unifsa.com.br\/cics2023\/#website\",\"url\":\"https:\/\/unifsa.com.br\/cics2023\/\",\"name\":\"1\u00ba CICS | Edi\u00e7\u00e3o 2023\",\"description\":\"Congresso Internaconal Ci\u00eancia e Sociedade\",\"publisher\":{\"@id\":\"https:\/\/unifsa.com.br\/cics2023\/#organization\"},\"alternateName\":\"Congresso Internacional Ci\u00eancia e Sociedade (CICS)\",\"potentialAction\":[{\"@type\":\"SearchAction\",\"target\":{\"@type\":\"EntryPoint\",\"urlTemplate\":\"https:\/\/unifsa.com.br\/cics2023\/?s={search_term_string}\"},\"query-input\":{\"@type\":\"PropertyValueSpecification\",\"valueRequired\":true,\"valueName\":\"search_term_string\"}}],\"inLanguage\":\"pt-BR\"},{\"@type\":\"Organization\",\"@id\":\"https:\/\/unifsa.com.br\/cics2023\/#organization\",\"name\":\"Centro Universit\u00e1rio Santo Agostinho\",\"alternateName\":\"UNIFSA\",\"url\":\"https:\/\/unifsa.com.br\/cics2023\/\",\"logo\":{\"@type\":\"ImageObject\",\"inLanguage\":\"pt-BR\",\"@id\":\"https:\/\/unifsa.com.br\/cics2023\/#\/schema\/logo\/image\/\",\"url\":\"https:\/\/unifsa.com.br\/cics2023\/wp-content\/uploads\/2023\/01\/cisc-logo-login.fw_.png\",\"contentUrl\":\"https:\/\/unifsa.com.br\/cics2023\/wp-content\/uploads\/2023\/01\/cisc-logo-login.fw_.png\",\"width\":350,\"height\":216,\"caption\":\"Centro Universit\u00e1rio Santo Agostinho\"},\"image\":{\"@id\":\"https:\/\/unifsa.com.br\/cics2023\/#\/schema\/logo\/image\/\"},\"sameAs\":[\"https:\/\/unifsa.com.br\/cics2023\/a-conferencia\/\"]}]}<\/script>\n<!-- \/ Yoast SEO plugin. -->","yoast_head_json":{"title":"Comiss\u00e3o de Infraestrutura e Log\u00edstica - 1\u00ba CICS | Edi\u00e7\u00e3o 2023","robots":{"index":"index","follow":"follow","max-snippet":"max-snippet:-1","max-image-preview":"max-image-preview:large","max-video-preview":"max-video-preview:-1"},"canonical":"https:\/\/unifsa.com.br\/cics2023\/comissao-de-infraestrutura-e-logistica\/","og_locale":"pt_BR","og_type":"article","og_title":"Comiss\u00e3o de Infraestrutura e Log\u00edstica - 1\u00ba CICS | Edi\u00e7\u00e3o 2023","og_description":"COORDENA\u00c7\u00c3OMa. Indira Maria de Melo Lira Pereira da Silva MEMBROSMa. M\u00f4nica Fialho AlcantaraEsp. S\u00f4nia Maria PedrosoProfa. Dra. Eldelita Aguida Porf\u00edrio FrancoEsp. Polyana Fabiene Rodrigues de Sousa Alc\u00e2ntaraEsp. Raimunda GomesEsp. Eulene MouraEsp. M\u00e1rio Melo LimaEsp. Indira Gandhi Furtado CamposMarcelino MeloBela. Mariana do Nascimento LopesLarissa Rodrigues da SilvaLeonara Cunha da SilvaLana Gilmara de SousaBela. Karolina Lira dos [&hellip;]","og_url":"https:\/\/unifsa.com.br\/cics2023\/comissao-de-infraestrutura-e-logistica\/","og_site_name":"1\u00ba CICS | Edi\u00e7\u00e3o 2023","article_publisher":"https:\/\/unifsa.com.br\/cics2023\/a-conferencia\/","article_modified_time":"2023-10-30T18:36:49+00:00","og_image":[{"width":678,"height":418,"url":"https:\/\/unifsa.com.br\/cics2023\/wp-content\/uploads\/2023\/01\/logomarca-cics.fw_.png","type":"image\/png"}],"twitter_card":"summary_large_image","twitter_misc":{"Est. tempo de leitura":"1 minuto"},"schema":{"@context":"https:\/\/schema.org","@graph":[{"@type":"WebPage","@id":"https:\/\/unifsa.com.br\/cics2023\/comissao-de-infraestrutura-e-logistica\/","url":"https:\/\/unifsa.com.br\/cics2023\/comissao-de-infraestrutura-e-logistica\/","name":"Comiss\u00e3o de Infraestrutura e Log\u00edstica - 1\u00ba CICS | Edi\u00e7\u00e3o 2023","isPartOf":{"@id":"https:\/\/unifsa.com.br\/cics2023\/#website"},"datePublished":"2023-02-03T22:30:09+00:00","dateModified":"2023-10-30T18:36:49+00:00","breadcrumb":{"@id":"https:\/\/unifsa.com.br\/cics2023\/comissao-de-infraestrutura-e-logistica\/#breadcrumb"},"inLanguage":"pt-BR","potentialAction":[{"@type":"ReadAction","target":["https:\/\/unifsa.com.br\/cics2023\/comissao-de-infraestrutura-e-logistica\/"]}]},{"@type":"BreadcrumbList","@id":"https:\/\/unifsa.com.br\/cics2023\/comissao-de-infraestrutura-e-logistica\/#breadcrumb","itemListElement":[{"@type":"ListItem","position":1,"name":"In\u00edcio","item":"https:\/\/unifsa.com.br\/cics2023\/"},{"@type":"ListItem","position":2,"name":"Comiss\u00e3o de Infraestrutura e Log\u00edstica"}]},{"@type":"WebSite","@id":"https:\/\/unifsa.com.br\/cics2023\/#website","url":"https:\/\/unifsa.com.br\/cics2023\/","name":"1\u00ba CICS | Edi\u00e7\u00e3o 2023","description":"Congresso Internaconal Ci\u00eancia e Sociedade","publisher":{"@id":"https:\/\/unifsa.com.br\/cics2023\/#organization"},"alternateName":"Congresso Internacional Ci\u00eancia e Sociedade (CICS)","potentialAction":[{"@type":"SearchAction","target":{"@type":"EntryPoint","urlTemplate":"https:\/\/unifsa.com.br\/cics2023\/?s={search_term_string}"},"query-input":{"@type":"PropertyValueSpecification","valueRequired":true,"valueName":"search_term_string"}}],"inLanguage":"pt-BR"},{"@type":"Organization","@id":"https:\/\/unifsa.com.br\/cics2023\/#organization","name":"Centro Universit\u00e1rio Santo Agostinho","alternateName":"UNIFSA","url":"https:\/\/unifsa.com.br\/cics2023\/","logo":{"@type":"ImageObject","inLanguage":"pt-BR","@id":"https:\/\/unifsa.com.br\/cics2023\/#\/schema\/logo\/image\/","url":"https:\/\/unifsa.com.br\/cics2023\/wp-content\/uploads\/2023\/01\/cisc-logo-login.fw_.png","contentUrl":"https:\/\/unifsa.com.br\/cics2023\/wp-content\/uploads\/2023\/01\/cisc-logo-login.fw_.png","width":350,"height":216,"caption":"Centro Universit\u00e1rio Santo Agostinho"},"image":{"@id":"https:\/\/unifsa.com.br\/cics2023\/#\/schema\/logo\/image\/"},"sameAs":["https:\/\/unifsa.com.br\/cics2023\/a-conferencia\/"]}]}},"_links":{"self":[{"href":"https:\/\/unifsa.com.br\/cics2023\/wp-json\/wp\/v2\/pages\/1310","targetHints":{"allow":["GET"]}}],"collection":[{"href":"https:\/\/unifsa.com.br\/cics2023\/wp-json\/wp\/v2\/pages"}],"about":[{"href":"https:\/\/unifsa.com.br\/cics2023\/wp-json\/wp\/v2\/types\/page"}],"author":[{"embeddable":true,"href":"https:\/\/unifsa.com.br\/cics2023\/wp-json\/wp\/v2\/users\/1"}],"replies":[{"embeddable":true,"href":"https:\/\/unifsa.com.br\/cics2023\/wp-json\/wp\/v2\/comments?post=1310"}],"version-history":[{"count":9,"href":"https:\/\/unifsa.com.br\/cics2023\/wp-json\/wp\/v2\/pages\/1310\/revisions"}],"predecessor-version":[{"id":2411,"href":"https:\/\/unifsa.com.br\/cics2023\/wp-json\/wp\/v2\/pages\/1310\/revisions\/2411"}],"wp:attachment":[{"href":"https:\/\/unifsa.com.br\/cics2023\/wp-json\/wp\/v2\/media?parent=1310"}],"curies":[{"name":"wp","href":"https:\/\/api.w.org\/{rel}","templated":true}]}}