{"id":1304,"date":"2023-02-03T19:27:26","date_gmt":"2023-02-03T22:27:26","guid":{"rendered":"https:\/\/unifsa.com.br\/cics2023\/comissao-de-articulacao-internacional-copy\/"},"modified":"2023-12-01T11:29:51","modified_gmt":"2023-12-01T14:29:51","slug":"comissao-de-monitoria","status":"publish","type":"page","link":"https:\/\/unifsa.com.br\/cics2023\/comissao-de-monitoria\/","title":{"rendered":"Comiss\u00e3o de Monitoria"},"content":{"rendered":"\n<p><strong>COORDENA\u00c7\u00c3O<\/strong><br>Profa. Esp. Roberta Mara Ara\u00fajo<\/p>\n\n\n\n<p><strong>MONITORES<\/strong> <br>Adna Talyta Tranqueira Lima<br>Alessandro Azevedo de Sousa Silva<br>Ana Beatriz Soares de Sousa<br>Ana Paula Oliveira da Costa<br>Anna Carolina Santos da Costa<br>Arielly da Silva Costa<br>Aur\u00e9lio Hamurabe De Carvalho Becker<br>Barbara Vict\u00f3rya da Silva Gonzaga<br>D\u00e2marys Fernandes Mouzim Pereira<br>Douglas Marfran Lima Moraes<br>Felipe Galv\u00e3o Machado<br>Fernanda Mazur Sousa<br>Fl\u00e1via Farias Bastos<br>Francisca Suzana Carneiro de Andrade<br>Isabel Cristina de Lira Martins<br>Isabelly Meneses Guimar\u00e3es<br>Jessianne La\u00eds de Sousa Silva<br>Jo\u00e3o Pedro de Moura Leite<br>Juliana do Nascimento da Cruz<br>Karyni Lemos Carreiro<br>Lourdes Emanuele Sousa Barreto<br>Luan Henrique Mendes da Silva<br>Luana Tayn\u00e1 Sousa Castro<br>Maria B\u00e1rbara Moreira Gon\u00e7alves<br>Maria Caroliny Alves de Carvalho<br>Maria do Ros\u00e1rio Lopes Bandeira<br>Maria Karolyne de Aguiar Nunes<br>Maria Vit\u00f3ria Nunes Teixeira<br>Mayara Abreu Vilela de Mac\u00eado<br>Mois\u00e9s da Silva R\u00eago<br>Nayla Carvalho Rocha<br>Ousanas Wesllen Macedo da Costa<br>Regisson Cauann Teixeira Barbosa<br>Rin\u00e1ria de quadro figueiredo guedes<br>Sandiele Batista Leal<br>Sarah de Ara\u00fajo Mendes Cardoso<br>Sarah Ravena Camilo Sobreira Rocha<\/p>\n\n\n\n<p><strong>DOCUMENTO DE SELE\u00c7\u00c3O<\/strong><\/p>\n\n\n\n<div data-wp-interactive=\"core\/file\" class=\"wp-block-file\"><object data-wp-bind--hidden=\"!state.hasPdfPreview\" hidden class=\"wp-block-file__embed\" data=\"https:\/\/unifsa.com.br\/cics2023\/wp-content\/uploads\/2023\/04\/Resultado-da-selecao-de-monitores-1o-CICS.pdf\" type=\"application\/pdf\" style=\"width:100%;height:600px\" aria-label=\"Incorporado de Resultado-da-selecao-de-monitores-1o-CICS.\"><\/object><a id=\"wp-block-file--media-433524a2-d758-48a4-b15b-535c9cd1c223\" href=\"https:\/\/unifsa.com.br\/cics2023\/wp-content\/uploads\/2023\/04\/Resultado-da-selecao-de-monitores-1o-CICS.pdf\">Resultado-da-selecao-de-monitores-1o-CICS<\/a><a href=\"https:\/\/unifsa.com.br\/cics2023\/wp-content\/uploads\/2023\/04\/Resultado-da-selecao-de-monitores-1o-CICS.pdf\" class=\"wp-block-file__button wp-element-button\" download aria-describedby=\"wp-block-file--media-433524a2-d758-48a4-b15b-535c9cd1c223\">Baixar<\/a><\/div>\n","protected":false},"excerpt":{"rendered":"<p>COORDENA\u00c7\u00c3OProfa. Esp. Roberta Mara Ara\u00fajo MONITORES Adna Talyta Tranqueira LimaAlessandro Azevedo de Sousa SilvaAna Beatriz Soares de SousaAna Paula Oliveira da CostaAnna Carolina Santos da CostaArielly da Silva CostaAur\u00e9lio Hamurabe De Carvalho BeckerBarbara Vict\u00f3rya da Silva GonzagaD\u00e2marys Fernandes Mouzim PereiraDouglas Marfran Lima MoraesFelipe Galv\u00e3o MachadoFernanda Mazur SousaFl\u00e1via Farias BastosFrancisca Suzana Carneiro de AndradeIsabel Cristina de [&hellip;]<\/p>\n","protected":false},"author":1,"featured_media":0,"parent":0,"menu_order":0,"comment_status":"closed","ping_status":"closed","template":"","meta":{"footnotes":""},"class_list":["post-1304","page","type-page","status-publish","hentry"],"acf":[],"yoast_head":"<!-- This site is optimized with the Yoast SEO plugin v24.3 - https:\/\/yoast.com\/wordpress\/plugins\/seo\/ -->\n<title>Comiss\u00e3o de Monitoria - 1\u00ba CICS | Edi\u00e7\u00e3o 2023<\/title>\n<meta name=\"robots\" content=\"index, follow, max-snippet:-1, max-image-preview:large, max-video-preview:-1\" \/>\n<link rel=\"canonical\" href=\"https:\/\/unifsa.com.br\/cics2023\/comissao-de-monitoria\/\" \/>\n<meta property=\"og:locale\" content=\"pt_BR\" \/>\n<meta property=\"og:type\" content=\"article\" \/>\n<meta property=\"og:title\" content=\"Comiss\u00e3o de Monitoria - 1\u00ba CICS | Edi\u00e7\u00e3o 2023\" \/>\n<meta property=\"og:description\" content=\"COORDENA\u00c7\u00c3OProfa. Esp. Roberta Mara Ara\u00fajo MONITORES Adna Talyta Tranqueira LimaAlessandro Azevedo de Sousa SilvaAna Beatriz Soares de SousaAna Paula Oliveira da CostaAnna Carolina Santos da CostaArielly da Silva CostaAur\u00e9lio Hamurabe De Carvalho BeckerBarbara Vict\u00f3rya da Silva GonzagaD\u00e2marys Fernandes Mouzim PereiraDouglas Marfran Lima MoraesFelipe Galv\u00e3o MachadoFernanda Mazur SousaFl\u00e1via Farias BastosFrancisca Suzana Carneiro de AndradeIsabel Cristina de [&hellip;]\" \/>\n<meta property=\"og:url\" content=\"https:\/\/unifsa.com.br\/cics2023\/comissao-de-monitoria\/\" \/>\n<meta property=\"og:site_name\" content=\"1\u00ba CICS | Edi\u00e7\u00e3o 2023\" \/>\n<meta property=\"article:publisher\" content=\"https:\/\/unifsa.com.br\/cics2023\/a-conferencia\/\" \/>\n<meta property=\"article:modified_time\" content=\"2023-12-01T14:29:51+00:00\" \/>\n<meta property=\"og:image\" content=\"https:\/\/unifsa.com.br\/cics2023\/wp-content\/uploads\/2023\/01\/logomarca-cics.fw_.png\" \/>\n\t<meta property=\"og:image:width\" content=\"678\" \/>\n\t<meta property=\"og:image:height\" content=\"418\" \/>\n\t<meta property=\"og:image:type\" content=\"image\/png\" \/>\n<meta name=\"twitter:card\" content=\"summary_large_image\" \/>\n<meta name=\"twitter:label1\" content=\"Est. tempo de leitura\" \/>\n\t<meta name=\"twitter:data1\" content=\"1 minuto\" \/>\n<script type=\"application\/ld+json\" class=\"yoast-schema-graph\">{\"@context\":\"https:\/\/schema.org\",\"@graph\":[{\"@type\":\"WebPage\",\"@id\":\"https:\/\/unifsa.com.br\/cics2023\/comissao-de-monitoria\/\",\"url\":\"https:\/\/unifsa.com.br\/cics2023\/comissao-de-monitoria\/\",\"name\":\"Comiss\u00e3o de Monitoria - 1\u00ba CICS | Edi\u00e7\u00e3o 2023\",\"isPartOf\":{\"@id\":\"https:\/\/unifsa.com.br\/cics2023\/#website\"},\"datePublished\":\"2023-02-03T22:27:26+00:00\",\"dateModified\":\"2023-12-01T14:29:51+00:00\",\"breadcrumb\":{\"@id\":\"https:\/\/unifsa.com.br\/cics2023\/comissao-de-monitoria\/#breadcrumb\"},\"inLanguage\":\"pt-BR\",\"potentialAction\":[{\"@type\":\"ReadAction\",\"target\":[\"https:\/\/unifsa.com.br\/cics2023\/comissao-de-monitoria\/\"]}]},{\"@type\":\"BreadcrumbList\",\"@id\":\"https:\/\/unifsa.com.br\/cics2023\/comissao-de-monitoria\/#breadcrumb\",\"itemListElement\":[{\"@type\":\"ListItem\",\"position\":1,\"name\":\"In\u00edcio\",\"item\":\"https:\/\/unifsa.com.br\/cics2023\/\"},{\"@type\":\"ListItem\",\"position\":2,\"name\":\"Comiss\u00e3o de Monitoria\"}]},{\"@type\":\"WebSite\",\"@id\":\"https:\/\/unifsa.com.br\/cics2023\/#website\",\"url\":\"https:\/\/unifsa.com.br\/cics2023\/\",\"name\":\"1\u00ba CICS | Edi\u00e7\u00e3o 2023\",\"description\":\"Congresso Internaconal Ci\u00eancia e Sociedade\",\"publisher\":{\"@id\":\"https:\/\/unifsa.com.br\/cics2023\/#organization\"},\"alternateName\":\"Congresso Internacional Ci\u00eancia e Sociedade (CICS)\",\"potentialAction\":[{\"@type\":\"SearchAction\",\"target\":{\"@type\":\"EntryPoint\",\"urlTemplate\":\"https:\/\/unifsa.com.br\/cics2023\/?s={search_term_string}\"},\"query-input\":{\"@type\":\"PropertyValueSpecification\",\"valueRequired\":true,\"valueName\":\"search_term_string\"}}],\"inLanguage\":\"pt-BR\"},{\"@type\":\"Organization\",\"@id\":\"https:\/\/unifsa.com.br\/cics2023\/#organization\",\"name\":\"Centro Universit\u00e1rio Santo Agostinho\",\"alternateName\":\"UNIFSA\",\"url\":\"https:\/\/unifsa.com.br\/cics2023\/\",\"logo\":{\"@type\":\"ImageObject\",\"inLanguage\":\"pt-BR\",\"@id\":\"https:\/\/unifsa.com.br\/cics2023\/#\/schema\/logo\/image\/\",\"url\":\"https:\/\/unifsa.com.br\/cics2023\/wp-content\/uploads\/2023\/01\/cisc-logo-login.fw_.png\",\"contentUrl\":\"https:\/\/unifsa.com.br\/cics2023\/wp-content\/uploads\/2023\/01\/cisc-logo-login.fw_.png\",\"width\":350,\"height\":216,\"caption\":\"Centro Universit\u00e1rio Santo Agostinho\"},\"image\":{\"@id\":\"https:\/\/unifsa.com.br\/cics2023\/#\/schema\/logo\/image\/\"},\"sameAs\":[\"https:\/\/unifsa.com.br\/cics2023\/a-conferencia\/\"]}]}<\/script>\n<!-- \/ Yoast SEO plugin. -->","yoast_head_json":{"title":"Comiss\u00e3o de Monitoria - 1\u00ba CICS | Edi\u00e7\u00e3o 2023","robots":{"index":"index","follow":"follow","max-snippet":"max-snippet:-1","max-image-preview":"max-image-preview:large","max-video-preview":"max-video-preview:-1"},"canonical":"https:\/\/unifsa.com.br\/cics2023\/comissao-de-monitoria\/","og_locale":"pt_BR","og_type":"article","og_title":"Comiss\u00e3o de Monitoria - 1\u00ba CICS | Edi\u00e7\u00e3o 2023","og_description":"COORDENA\u00c7\u00c3OProfa. Esp. Roberta Mara Ara\u00fajo MONITORES Adna Talyta Tranqueira LimaAlessandro Azevedo de Sousa SilvaAna Beatriz Soares de SousaAna Paula Oliveira da CostaAnna Carolina Santos da CostaArielly da Silva CostaAur\u00e9lio Hamurabe De Carvalho BeckerBarbara Vict\u00f3rya da Silva GonzagaD\u00e2marys Fernandes Mouzim PereiraDouglas Marfran Lima MoraesFelipe Galv\u00e3o MachadoFernanda Mazur SousaFl\u00e1via Farias BastosFrancisca Suzana Carneiro de AndradeIsabel Cristina de [&hellip;]","og_url":"https:\/\/unifsa.com.br\/cics2023\/comissao-de-monitoria\/","og_site_name":"1\u00ba CICS | Edi\u00e7\u00e3o 2023","article_publisher":"https:\/\/unifsa.com.br\/cics2023\/a-conferencia\/","article_modified_time":"2023-12-01T14:29:51+00:00","og_image":[{"width":678,"height":418,"url":"https:\/\/unifsa.com.br\/cics2023\/wp-content\/uploads\/2023\/01\/logomarca-cics.fw_.png","type":"image\/png"}],"twitter_card":"summary_large_image","twitter_misc":{"Est. tempo de leitura":"1 minuto"},"schema":{"@context":"https:\/\/schema.org","@graph":[{"@type":"WebPage","@id":"https:\/\/unifsa.com.br\/cics2023\/comissao-de-monitoria\/","url":"https:\/\/unifsa.com.br\/cics2023\/comissao-de-monitoria\/","name":"Comiss\u00e3o de Monitoria - 1\u00ba CICS | Edi\u00e7\u00e3o 2023","isPartOf":{"@id":"https:\/\/unifsa.com.br\/cics2023\/#website"},"datePublished":"2023-02-03T22:27:26+00:00","dateModified":"2023-12-01T14:29:51+00:00","breadcrumb":{"@id":"https:\/\/unifsa.com.br\/cics2023\/comissao-de-monitoria\/#breadcrumb"},"inLanguage":"pt-BR","potentialAction":[{"@type":"ReadAction","target":["https:\/\/unifsa.com.br\/cics2023\/comissao-de-monitoria\/"]}]},{"@type":"BreadcrumbList","@id":"https:\/\/unifsa.com.br\/cics2023\/comissao-de-monitoria\/#breadcrumb","itemListElement":[{"@type":"ListItem","position":1,"name":"In\u00edcio","item":"https:\/\/unifsa.com.br\/cics2023\/"},{"@type":"ListItem","position":2,"name":"Comiss\u00e3o de Monitoria"}]},{"@type":"WebSite","@id":"https:\/\/unifsa.com.br\/cics2023\/#website","url":"https:\/\/unifsa.com.br\/cics2023\/","name":"1\u00ba CICS | Edi\u00e7\u00e3o 2023","description":"Congresso Internaconal Ci\u00eancia e Sociedade","publisher":{"@id":"https:\/\/unifsa.com.br\/cics2023\/#organization"},"alternateName":"Congresso Internacional Ci\u00eancia e Sociedade (CICS)","potentialAction":[{"@type":"SearchAction","target":{"@type":"EntryPoint","urlTemplate":"https:\/\/unifsa.com.br\/cics2023\/?s={search_term_string}"},"query-input":{"@type":"PropertyValueSpecification","valueRequired":true,"valueName":"search_term_string"}}],"inLanguage":"pt-BR"},{"@type":"Organization","@id":"https:\/\/unifsa.com.br\/cics2023\/#organization","name":"Centro Universit\u00e1rio Santo Agostinho","alternateName":"UNIFSA","url":"https:\/\/unifsa.com.br\/cics2023\/","logo":{"@type":"ImageObject","inLanguage":"pt-BR","@id":"https:\/\/unifsa.com.br\/cics2023\/#\/schema\/logo\/image\/","url":"https:\/\/unifsa.com.br\/cics2023\/wp-content\/uploads\/2023\/01\/cisc-logo-login.fw_.png","contentUrl":"https:\/\/unifsa.com.br\/cics2023\/wp-content\/uploads\/2023\/01\/cisc-logo-login.fw_.png","width":350,"height":216,"caption":"Centro Universit\u00e1rio Santo Agostinho"},"image":{"@id":"https:\/\/unifsa.com.br\/cics2023\/#\/schema\/logo\/image\/"},"sameAs":["https:\/\/unifsa.com.br\/cics2023\/a-conferencia\/"]}]}},"_links":{"self":[{"href":"https:\/\/unifsa.com.br\/cics2023\/wp-json\/wp\/v2\/pages\/1304","targetHints":{"allow":["GET"]}}],"collection":[{"href":"https:\/\/unifsa.com.br\/cics2023\/wp-json\/wp\/v2\/pages"}],"about":[{"href":"https:\/\/unifsa.com.br\/cics2023\/wp-json\/wp\/v2\/types\/page"}],"author":[{"embeddable":true,"href":"https:\/\/unifsa.com.br\/cics2023\/wp-json\/wp\/v2\/users\/1"}],"replies":[{"embeddable":true,"href":"https:\/\/unifsa.com.br\/cics2023\/wp-json\/wp\/v2\/comments?post=1304"}],"version-history":[{"count":7,"href":"https:\/\/unifsa.com.br\/cics2023\/wp-json\/wp\/v2\/pages\/1304\/revisions"}],"predecessor-version":[{"id":2425,"href":"https:\/\/unifsa.com.br\/cics2023\/wp-json\/wp\/v2\/pages\/1304\/revisions\/2425"}],"wp:attachment":[{"href":"https:\/\/unifsa.com.br\/cics2023\/wp-json\/wp\/v2\/media?parent=1304"}],"curies":[{"name":"wp","href":"https:\/\/api.w.org\/{rel}","templated":true}]}}