{"id":101,"date":"2021-02-18T08:04:09","date_gmt":"2021-02-18T11:04:09","guid":{"rendered":"https:\/\/unifsa.com.br\/cics2023\/?page_id=101"},"modified":"2023-01-19T16:27:43","modified_gmt":"2023-01-19T19:27:43","slug":"agenda-2030","status":"publish","type":"page","link":"https:\/\/unifsa.com.br\/cics2023\/agenda-2030\/","title":{"rendered":"Agenda 2030"},"content":{"rendered":"\n<p>A <a href=\"http:\/\/www.agenda2030.com.br\/\">Agenda 2030<\/a>\u00a0\u00e9 o grande norteador do Congresso Internacional Ci\u00eancia e Sociedade. E o 1\u00b0 CICS, atrav\u00e9s do fomento \u00e0 produ\u00e7\u00e3o e \u00e0 difus\u00e3o de conhecimento, se prop\u00f5e a debater as quest\u00f5es prementes para a humanidade apresentada pela Agenda 2030 para as mais diversas \u00e1reas. Desta forma, o CICS visa cumprir a miss\u00e3o institucional do Centro Universit\u00e1rio Santo Agostinho de atuar para transformar a sociedade em um lugar mais justo e igualit\u00e1rio.<\/p>\n\n\n\n<figure class=\"wp-block-image\"><img decoding=\"async\" src=\"https:\/\/www.unifsa.com.br\/cbcs2021\/wp-content\/uploads\/2021\/04\/WhatsApp-Image-2021-04-08-at-14.05.15.jpeg\" alt=\"WhatsApp Image 2021-04-08 at 14.05.15\" title=\"WhatsApp Image 2021-04-08 at 14.05.15\"\/><\/figure>\n\n\n\n<p>O UNIFSA apoia e estimula iniciativas que dialogam com os 17 ODS, compreendendo a integra\u00e7\u00e3o desses objetivos e que somente atrav\u00e9s deles o desenvolvimento sustent\u00e1vel global poder\u00e1 ser alcan\u00e7ado. Por isso, o UNIFSA desenvolve sistematicamente a\u00e7\u00f5es de conscientiza\u00e7\u00e3o sobre a preserva\u00e7\u00e3o do meio ambiente, bem como fornece, por meio de sua empresa Junior, consultoria volunt\u00e1ria para pequenos empreendimentos locais e atua em projetos sociais que levam cidadania para comunidades carentes, a exemplo do Projeto Peres. Uma das vertentes de atua\u00e7\u00e3o contempla um espa\u00e7o de discuss\u00e3o cont\u00ednua das quest\u00f5es de ra\u00e7a, g\u00eanero e diversidades, al\u00e9m da promo\u00e7\u00e3o de pesquisas cient\u00edficas com relev\u00e2ncia para o avan\u00e7o em diversas \u00e1reas do conhecimento.<\/p>\n\n\n\n<figure class=\"wp-block-embed is-type-video is-provider-youtube wp-block-embed-youtube wp-embed-aspect-16-9 wp-has-aspect-ratio\"><div class=\"wp-block-embed__wrapper\">\n<iframe title=\"O que \u00e9 a Agenda 2030?\" width=\"800\" height=\"450\" src=\"https:\/\/www.youtube.com\/embed\/j8L1CcanjT8?feature=oembed\" frameborder=\"0\" allow=\"accelerometer; autoplay; clipboard-write; encrypted-media; gyroscope; picture-in-picture; web-share\" allowfullscreen><\/iframe>\n<\/div><\/figure>\n","protected":false},"excerpt":{"rendered":"<p>A Agenda 2030\u00a0\u00e9 o grande norteador do Congresso Internacional Ci\u00eancia e Sociedade. E o 1\u00b0 CICS, atrav\u00e9s do fomento \u00e0 produ\u00e7\u00e3o e \u00e0 difus\u00e3o de conhecimento, se prop\u00f5e a debater as quest\u00f5es prementes para a humanidade apresentada pela Agenda 2030 para as mais diversas \u00e1reas. Desta forma, o CICS visa cumprir a miss\u00e3o institucional do [&hellip;]<\/p>\n","protected":false},"author":1,"featured_media":0,"parent":0,"menu_order":0,"comment_status":"closed","ping_status":"closed","template":"","meta":{"footnotes":""},"class_list":["post-101","page","type-page","status-publish","hentry"],"acf":[],"yoast_head":"<!-- This site is optimized with the Yoast SEO plugin v24.3 - https:\/\/yoast.com\/wordpress\/plugins\/seo\/ -->\n<title>Agenda 2030 - 1\u00ba CICS | Edi\u00e7\u00e3o 2023<\/title>\n<meta name=\"robots\" content=\"index, follow, max-snippet:-1, max-image-preview:large, max-video-preview:-1\" \/>\n<link rel=\"canonical\" href=\"https:\/\/unifsa.com.br\/cics2023\/agenda-2030\/\" \/>\n<meta property=\"og:locale\" content=\"pt_BR\" \/>\n<meta property=\"og:type\" content=\"article\" \/>\n<meta property=\"og:title\" content=\"Agenda 2030 - 1\u00ba CICS | Edi\u00e7\u00e3o 2023\" \/>\n<meta property=\"og:description\" content=\"A Agenda 2030\u00a0\u00e9 o grande norteador do Congresso Internacional Ci\u00eancia e Sociedade. E o 1\u00b0 CICS, atrav\u00e9s do fomento \u00e0 produ\u00e7\u00e3o e \u00e0 difus\u00e3o de conhecimento, se prop\u00f5e a debater as quest\u00f5es prementes para a humanidade apresentada pela Agenda 2030 para as mais diversas \u00e1reas. Desta forma, o CICS visa cumprir a miss\u00e3o institucional do [&hellip;]\" \/>\n<meta property=\"og:url\" content=\"https:\/\/unifsa.com.br\/cics2023\/agenda-2030\/\" \/>\n<meta property=\"og:site_name\" content=\"1\u00ba CICS | Edi\u00e7\u00e3o 2023\" \/>\n<meta property=\"article:publisher\" content=\"https:\/\/unifsa.com.br\/cics2023\/a-conferencia\/\" \/>\n<meta property=\"article:modified_time\" content=\"2023-01-19T19:27:43+00:00\" \/>\n<meta property=\"og:image\" content=\"https:\/\/www.unifsa.com.br\/cbcs2021\/wp-content\/uploads\/2021\/04\/WhatsApp-Image-2021-04-08-at-14.05.15.jpeg\" \/>\n<meta name=\"twitter:card\" content=\"summary_large_image\" \/>\n<meta name=\"twitter:label1\" content=\"Est. tempo de leitura\" \/>\n\t<meta name=\"twitter:data1\" content=\"2 minutos\" \/>\n<script type=\"application\/ld+json\" class=\"yoast-schema-graph\">{\"@context\":\"https:\/\/schema.org\",\"@graph\":[{\"@type\":\"WebPage\",\"@id\":\"https:\/\/unifsa.com.br\/cics2023\/agenda-2030\/\",\"url\":\"https:\/\/unifsa.com.br\/cics2023\/agenda-2030\/\",\"name\":\"Agenda 2030 - 1\u00ba CICS | Edi\u00e7\u00e3o 2023\",\"isPartOf\":{\"@id\":\"https:\/\/unifsa.com.br\/cics2023\/#website\"},\"primaryImageOfPage\":{\"@id\":\"https:\/\/unifsa.com.br\/cics2023\/agenda-2030\/#primaryimage\"},\"image\":{\"@id\":\"https:\/\/unifsa.com.br\/cics2023\/agenda-2030\/#primaryimage\"},\"thumbnailUrl\":\"https:\/\/www.unifsa.com.br\/cbcs2021\/wp-content\/uploads\/2021\/04\/WhatsApp-Image-2021-04-08-at-14.05.15.jpeg\",\"datePublished\":\"2021-02-18T11:04:09+00:00\",\"dateModified\":\"2023-01-19T19:27:43+00:00\",\"breadcrumb\":{\"@id\":\"https:\/\/unifsa.com.br\/cics2023\/agenda-2030\/#breadcrumb\"},\"inLanguage\":\"pt-BR\",\"potentialAction\":[{\"@type\":\"ReadAction\",\"target\":[\"https:\/\/unifsa.com.br\/cics2023\/agenda-2030\/\"]}]},{\"@type\":\"ImageObject\",\"inLanguage\":\"pt-BR\",\"@id\":\"https:\/\/unifsa.com.br\/cics2023\/agenda-2030\/#primaryimage\",\"url\":\"https:\/\/www.unifsa.com.br\/cbcs2021\/wp-content\/uploads\/2021\/04\/WhatsApp-Image-2021-04-08-at-14.05.15.jpeg\",\"contentUrl\":\"https:\/\/www.unifsa.com.br\/cbcs2021\/wp-content\/uploads\/2021\/04\/WhatsApp-Image-2021-04-08-at-14.05.15.jpeg\"},{\"@type\":\"BreadcrumbList\",\"@id\":\"https:\/\/unifsa.com.br\/cics2023\/agenda-2030\/#breadcrumb\",\"itemListElement\":[{\"@type\":\"ListItem\",\"position\":1,\"name\":\"In\u00edcio\",\"item\":\"https:\/\/unifsa.com.br\/cics2023\/\"},{\"@type\":\"ListItem\",\"position\":2,\"name\":\"Agenda 2030\"}]},{\"@type\":\"WebSite\",\"@id\":\"https:\/\/unifsa.com.br\/cics2023\/#website\",\"url\":\"https:\/\/unifsa.com.br\/cics2023\/\",\"name\":\"1\u00ba CICS | Edi\u00e7\u00e3o 2023\",\"description\":\"Congresso Internaconal Ci\u00eancia e Sociedade\",\"publisher\":{\"@id\":\"https:\/\/unifsa.com.br\/cics2023\/#organization\"},\"alternateName\":\"Congresso Internacional Ci\u00eancia e Sociedade (CICS)\",\"potentialAction\":[{\"@type\":\"SearchAction\",\"target\":{\"@type\":\"EntryPoint\",\"urlTemplate\":\"https:\/\/unifsa.com.br\/cics2023\/?s={search_term_string}\"},\"query-input\":{\"@type\":\"PropertyValueSpecification\",\"valueRequired\":true,\"valueName\":\"search_term_string\"}}],\"inLanguage\":\"pt-BR\"},{\"@type\":\"Organization\",\"@id\":\"https:\/\/unifsa.com.br\/cics2023\/#organization\",\"name\":\"Centro Universit\u00e1rio Santo Agostinho\",\"alternateName\":\"UNIFSA\",\"url\":\"https:\/\/unifsa.com.br\/cics2023\/\",\"logo\":{\"@type\":\"ImageObject\",\"inLanguage\":\"pt-BR\",\"@id\":\"https:\/\/unifsa.com.br\/cics2023\/#\/schema\/logo\/image\/\",\"url\":\"https:\/\/unifsa.com.br\/cics2023\/wp-content\/uploads\/2023\/01\/cisc-logo-login.fw_.png\",\"contentUrl\":\"https:\/\/unifsa.com.br\/cics2023\/wp-content\/uploads\/2023\/01\/cisc-logo-login.fw_.png\",\"width\":350,\"height\":216,\"caption\":\"Centro Universit\u00e1rio Santo Agostinho\"},\"image\":{\"@id\":\"https:\/\/unifsa.com.br\/cics2023\/#\/schema\/logo\/image\/\"},\"sameAs\":[\"https:\/\/unifsa.com.br\/cics2023\/a-conferencia\/\"]}]}<\/script>\n<!-- \/ Yoast SEO plugin. -->","yoast_head_json":{"title":"Agenda 2030 - 1\u00ba CICS | Edi\u00e7\u00e3o 2023","robots":{"index":"index","follow":"follow","max-snippet":"max-snippet:-1","max-image-preview":"max-image-preview:large","max-video-preview":"max-video-preview:-1"},"canonical":"https:\/\/unifsa.com.br\/cics2023\/agenda-2030\/","og_locale":"pt_BR","og_type":"article","og_title":"Agenda 2030 - 1\u00ba CICS | Edi\u00e7\u00e3o 2023","og_description":"A Agenda 2030\u00a0\u00e9 o grande norteador do Congresso Internacional Ci\u00eancia e Sociedade. E o 1\u00b0 CICS, atrav\u00e9s do fomento \u00e0 produ\u00e7\u00e3o e \u00e0 difus\u00e3o de conhecimento, se prop\u00f5e a debater as quest\u00f5es prementes para a humanidade apresentada pela Agenda 2030 para as mais diversas \u00e1reas. Desta forma, o CICS visa cumprir a miss\u00e3o institucional do [&hellip;]","og_url":"https:\/\/unifsa.com.br\/cics2023\/agenda-2030\/","og_site_name":"1\u00ba CICS | Edi\u00e7\u00e3o 2023","article_publisher":"https:\/\/unifsa.com.br\/cics2023\/a-conferencia\/","article_modified_time":"2023-01-19T19:27:43+00:00","og_image":[{"url":"https:\/\/www.unifsa.com.br\/cbcs2021\/wp-content\/uploads\/2021\/04\/WhatsApp-Image-2021-04-08-at-14.05.15.jpeg","type":"","width":"","height":""}],"twitter_card":"summary_large_image","twitter_misc":{"Est. tempo de leitura":"2 minutos"},"schema":{"@context":"https:\/\/schema.org","@graph":[{"@type":"WebPage","@id":"https:\/\/unifsa.com.br\/cics2023\/agenda-2030\/","url":"https:\/\/unifsa.com.br\/cics2023\/agenda-2030\/","name":"Agenda 2030 - 1\u00ba CICS | Edi\u00e7\u00e3o 2023","isPartOf":{"@id":"https:\/\/unifsa.com.br\/cics2023\/#website"},"primaryImageOfPage":{"@id":"https:\/\/unifsa.com.br\/cics2023\/agenda-2030\/#primaryimage"},"image":{"@id":"https:\/\/unifsa.com.br\/cics2023\/agenda-2030\/#primaryimage"},"thumbnailUrl":"https:\/\/www.unifsa.com.br\/cbcs2021\/wp-content\/uploads\/2021\/04\/WhatsApp-Image-2021-04-08-at-14.05.15.jpeg","datePublished":"2021-02-18T11:04:09+00:00","dateModified":"2023-01-19T19:27:43+00:00","breadcrumb":{"@id":"https:\/\/unifsa.com.br\/cics2023\/agenda-2030\/#breadcrumb"},"inLanguage":"pt-BR","potentialAction":[{"@type":"ReadAction","target":["https:\/\/unifsa.com.br\/cics2023\/agenda-2030\/"]}]},{"@type":"ImageObject","inLanguage":"pt-BR","@id":"https:\/\/unifsa.com.br\/cics2023\/agenda-2030\/#primaryimage","url":"https:\/\/www.unifsa.com.br\/cbcs2021\/wp-content\/uploads\/2021\/04\/WhatsApp-Image-2021-04-08-at-14.05.15.jpeg","contentUrl":"https:\/\/www.unifsa.com.br\/cbcs2021\/wp-content\/uploads\/2021\/04\/WhatsApp-Image-2021-04-08-at-14.05.15.jpeg"},{"@type":"BreadcrumbList","@id":"https:\/\/unifsa.com.br\/cics2023\/agenda-2030\/#breadcrumb","itemListElement":[{"@type":"ListItem","position":1,"name":"In\u00edcio","item":"https:\/\/unifsa.com.br\/cics2023\/"},{"@type":"ListItem","position":2,"name":"Agenda 2030"}]},{"@type":"WebSite","@id":"https:\/\/unifsa.com.br\/cics2023\/#website","url":"https:\/\/unifsa.com.br\/cics2023\/","name":"1\u00ba CICS | Edi\u00e7\u00e3o 2023","description":"Congresso Internaconal Ci\u00eancia e Sociedade","publisher":{"@id":"https:\/\/unifsa.com.br\/cics2023\/#organization"},"alternateName":"Congresso Internacional Ci\u00eancia e Sociedade (CICS)","potentialAction":[{"@type":"SearchAction","target":{"@type":"EntryPoint","urlTemplate":"https:\/\/unifsa.com.br\/cics2023\/?s={search_term_string}"},"query-input":{"@type":"PropertyValueSpecification","valueRequired":true,"valueName":"search_term_string"}}],"inLanguage":"pt-BR"},{"@type":"Organization","@id":"https:\/\/unifsa.com.br\/cics2023\/#organization","name":"Centro Universit\u00e1rio Santo Agostinho","alternateName":"UNIFSA","url":"https:\/\/unifsa.com.br\/cics2023\/","logo":{"@type":"ImageObject","inLanguage":"pt-BR","@id":"https:\/\/unifsa.com.br\/cics2023\/#\/schema\/logo\/image\/","url":"https:\/\/unifsa.com.br\/cics2023\/wp-content\/uploads\/2023\/01\/cisc-logo-login.fw_.png","contentUrl":"https:\/\/unifsa.com.br\/cics2023\/wp-content\/uploads\/2023\/01\/cisc-logo-login.fw_.png","width":350,"height":216,"caption":"Centro Universit\u00e1rio Santo Agostinho"},"image":{"@id":"https:\/\/unifsa.com.br\/cics2023\/#\/schema\/logo\/image\/"},"sameAs":["https:\/\/unifsa.com.br\/cics2023\/a-conferencia\/"]}]}},"_links":{"self":[{"href":"https:\/\/unifsa.com.br\/cics2023\/wp-json\/wp\/v2\/pages\/101","targetHints":{"allow":["GET"]}}],"collection":[{"href":"https:\/\/unifsa.com.br\/cics2023\/wp-json\/wp\/v2\/pages"}],"about":[{"href":"https:\/\/unifsa.com.br\/cics2023\/wp-json\/wp\/v2\/types\/page"}],"author":[{"embeddable":true,"href":"https:\/\/unifsa.com.br\/cics2023\/wp-json\/wp\/v2\/users\/1"}],"replies":[{"embeddable":true,"href":"https:\/\/unifsa.com.br\/cics2023\/wp-json\/wp\/v2\/comments?post=101"}],"version-history":[{"count":4,"href":"https:\/\/unifsa.com.br\/cics2023\/wp-json\/wp\/v2\/pages\/101\/revisions"}],"predecessor-version":[{"id":991,"href":"https:\/\/unifsa.com.br\/cics2023\/wp-json\/wp\/v2\/pages\/101\/revisions\/991"}],"wp:attachment":[{"href":"https:\/\/unifsa.com.br\/cics2023\/wp-json\/wp\/v2\/media?parent=101"}],"curies":[{"name":"wp","href":"https:\/\/api.w.org\/{rel}","templated":true}]}}